CRAN Package Check Results for Package tastypie

Last updated on 2021-09-17 09:53:39 CEST.

Flavor Version Tinstall Tcheck Ttotal Status Flags
r-devel-linux-x86_64-debian-clang 0.1.0 8.40 133.88 142.28 OK
r-devel-linux-x86_64-debian-gcc 0.1.0 7.14 95.83 102.97 OK
r-devel-linux-x86_64-fedora-clang 0.1.0 178.34 OK
r-devel-linux-x86_64-fedora-gcc 0.1.0 162.34 OK
r-devel-windows-x86_64 0.1.0 11.00 166.00 177.00 OK
r-devel-windows-x86_64-gcc10-UCRT 0.1.0 OK
r-patched-linux-x86_64 0.1.0 8.26 124.63 132.89 OK
r-patched-solaris-x86 0.1.0 248.70 NOTE
r-release-linux-x86_64 0.1.0 8.59 124.63 133.22 OK
r-release-macos-arm64 0.1.0 OK
r-release-macos-x86_64 0.1.0 OK
r-release-windows-ix86+x86_64 0.1.0 18.00 124.00 142.00 OK
r-oldrel-macos-x86_64 0.1.0 OK
r-oldrel-windows-ix86+x86_64 0.1.0 15.00 148.00 163.00 OK

Check Details

Version: 0.1.0
Check: installed package size
Result: NOTE
     installed size is 6.0Mb
     sub-directories of 1Mb or more:
     doc 1.3Mb
     help 4.6Mb
Flavor: r-patched-solaris-x86