CRAN Package Check Results for Package tapnet

Last updated on 2021-10-22 09:53:21 CEST.

Flavor Version Tinstall Tcheck Ttotal Status Flags
r-devel-linux-x86_64-debian-clang 0.3 14.59 129.61 144.20 OK
r-devel-linux-x86_64-debian-gcc 0.3 11.90 96.60 108.50 OK
r-devel-linux-x86_64-fedora-clang 0.3 186.34 OK
r-devel-linux-x86_64-fedora-gcc 0.3 167.84 OK
r-devel-windows-x86_64 0.3 22.00 129.00 151.00 OK
r-devel-windows-x86_64-gcc10-UCRT 0.3 ERROR
r-patched-linux-x86_64 0.3 13.19 122.90 136.09 OK
r-patched-solaris-x86 0.3 239.70 OK
r-release-linux-x86_64 0.3 11.59 120.80 132.39 OK
r-release-macos-arm64 0.3 OK
r-release-macos-x86_64 0.3 OK
r-release-windows-ix86+x86_64 0.3 34.00 158.00 192.00 OK
r-oldrel-macos-x86_64 0.3 OK
r-oldrel-windows-ix86+x86_64 0.3 35.00 156.00 191.00 OK

Check Details

Version: 0.3
Check: package dependencies
Result: ERROR
    Packages required but not available: 'bipartite', 'phytools'
    
    See section 'The DESCRIPTION file' in the 'Writing R Extensions'
    manual.
Flavor: r-devel-windows-x86_64-gcc10-UCRT