CRAN Package Check Results for Package tables

Last updated on 2021-10-20 09:55:25 CEST.

Flavor Version Tinstall Tcheck Ttotal Status Flags
r-devel-linux-x86_64-debian-clang 0.9.6 6.03 85.58 91.61 OK
r-devel-linux-x86_64-debian-gcc 0.9.6 3.97 64.49 68.46 OK
r-devel-linux-x86_64-fedora-clang 0.9.6 122.63 OK
r-devel-linux-x86_64-fedora-gcc 0.9.6 111.12 OK
r-devel-windows-x86_64 0.9.6 8.00 101.00 109.00 OK
r-devel-windows-x86_64-gcc10-UCRT 0.9.6 NOTE
r-patched-linux-x86_64 0.9.6 7.61 88.13 95.74 OK
r-patched-solaris-x86 0.9.6 135.70 OK
r-release-linux-x86_64 0.9.6 4.23 90.70 94.93 OK
r-release-macos-arm64 0.9.6 OK
r-release-macos-x86_64 0.9.6 OK
r-release-windows-ix86+x86_64 0.9.6 7.00 125.00 132.00 OK
r-oldrel-macos-x86_64 0.9.6 OK
r-oldrel-windows-ix86+x86_64 0.9.6 10.00 130.00 140.00 OK

Check Details

Version: 0.9.6
Check: re-building of vignette outputs
Result: NOTE
    Error(s) in re-building vignettes:
    --- re-building 'HTML.Rmd' using rmarkdown
    --- finished re-building 'HTML.Rmd'
    
    --- re-building 'knitrTables.Rmd' using rmarkdown
    ! LaTeX Error: File `tabu.sty' not found.
    
    ! Emergency stop.
    <read *>
    
    Error: processing vignette 'knitrTables.Rmd' failed with diagnostics:
    LaTeX failed to compile C:/r_packages/pkgcheck/CRAN/tables/tables.Rcheck/vign_test/tables/vignettes/knitrTables.tex. See https://yihui.org/tinytex/r/#debugging for debugging tips. See knitrTables.log for more info.
    --- failed re-building 'knitrTables.Rmd'
    
    --- re-building 'tables.Rnw' using Sweave
    Warning in system(paste(shQuote(texi2dvi), if (quiet) "--quiet" else "", :
     running command '"C:\PROGRA~1\MiKTeX\miktex\bin\x64\texify.exe" --quiet --pdf "tables.tex" --max-iterations=20 -I "C:/r_packages/rinst/share/texmf/tex/latex" -I "C:/r_packages/rinst/share/texmf/bibtex/bst"' had status 1
    Error: processing vignette 'tables.Rnw' failed with diagnostics:
    running 'texi2dvi' on 'tables.tex' failed
    
    LaTeX errors:
    ! LaTeX Error: File `tabu.sty' not found.
    
    Type X to quit or <RETURN> to proceed,
    or enter new name. (Default extension: sty)
    
    
    --- failed re-building 'tables.Rnw'
    
    SUMMARY: processing the following files failed:
     'knitrTables.Rmd' 'tables.Rnw'
    
    Error: Vignette re-building failed.
    Execution halted
Flavor: r-devel-windows-x86_64-gcc10-UCRT