CRAN Package Check Results for Package sysfonts

Last updated on 2021-09-17 09:53:39 CEST.

Flavor Version Tinstall Tcheck Ttotal Status Flags
r-devel-linux-x86_64-debian-clang 0.8.5 4.39 24.11 28.50 OK
r-devel-linux-x86_64-debian-gcc 0.8.5 2.66 19.09 21.75 OK
r-devel-linux-x86_64-fedora-clang 0.8.5 44.67 OK
r-devel-linux-x86_64-fedora-gcc 0.8.5 33.85 OK
r-devel-windows-x86_64 0.8.5 7.00 43.00 50.00 OK
r-devel-windows-x86_64-gcc10-UCRT 0.8.5 OK
r-patched-linux-x86_64 0.8.5 3.85 23.78 27.63 OK
r-patched-solaris-x86 0.8.5 52.40 OK
r-release-linux-x86_64 0.8.5 3.64 23.45 27.09 OK
r-release-macos-arm64 0.8.5 NOTE
r-release-macos-x86_64 0.8.5 NOTE
r-release-windows-ix86+x86_64 0.8.5 13.00 40.00 53.00 OK
r-oldrel-macos-x86_64 0.8.5 NOTE
r-oldrel-windows-ix86+x86_64 0.8.5 10.00 50.00 60.00 OK

Check Details

Version: 0.8.5
Check: installed package size
Result: NOTE
     installed size is 17.9Mb
     sub-directories of 1Mb or more:
     fonts 1.7Mb
     libs 16.1Mb
Flavors: r-release-macos-arm64, r-release-macos-x86_64, r-oldrel-macos-x86_64