CRAN Package Check Results for Package synRNASeqNet

Last updated on 2021-10-26 10:04:43 CEST.

Flavor Version Tinstall Tcheck Ttotal Status Flags
r-devel-linux-x86_64-debian-clang 1.0 3.91 42.27 46.18 NOTE
r-devel-linux-x86_64-debian-gcc 1.0 3.05 31.48 34.53 NOTE
r-devel-linux-x86_64-fedora-clang 1.0 65.89 NOTE
r-devel-linux-x86_64-fedora-gcc 1.0 55.45 NOTE
r-devel-windows-x86_64 1.0 7.00 73.00 80.00 NOTE
r-devel-windows-x86_64-gcc10-UCRT 1.0 NOTE
r-patched-linux-x86_64 1.0 3.79 40.23 44.02 NOTE
r-patched-solaris-x86 1.0 133.20 NOTE
r-release-linux-x86_64 1.0 3.58 40.06 43.64 NOTE
r-release-macos-arm64 1.0 NOTE
r-release-macos-x86_64 1.0 NOTE
r-release-windows-ix86+x86_64 1.0 6.00 67.00 73.00 NOTE
r-oldrel-macos-x86_64 1.0 NOTE
r-oldrel-windows-ix86+x86_64 1.0 7.00 75.00 82.00 NOTE

Check Details

Version: 1.0
Check: R code for possible problems
Result: NOTE
    mainNetFunction: no visible global function definition for 'png'
    mainNetFunction: no visible global function definition for 'lines'
    mainNetFunction: no visible global function definition for 'legend'
    mainNetFunction: no visible global function definition for 'dev.off'
    plotROC: no visible global function definition for 'lines'
    simulatedData: no visible global function definition for 'rpois'
    simulatedData : <anonymous>: no visible global function definition for
     'rpois'
    simulatedData : rlognormpois: no visible global function definition for
     'rnorm'
    simulatedData : rlognormpois: no visible global function definition for
     'rpois'
    Undefined global functions or variables:
     dev.off legend lines png rnorm rpois
    Consider adding
     importFrom("grDevices", "dev.off", "png")
     importFrom("graphics", "legend", "lines")
     importFrom("stats", "rnorm", "rpois")
    to your NAMESPACE file.
Flavors: r-devel-linux-x86_64-debian-clang, r-devel-linux-x86_64-debian-gcc, r-devel-linux-x86_64-fedora-clang, r-devel-linux-x86_64-fedora-gcc, r-devel-windows-x86_64, r-devel-windows-x86_64-gcc10-UCRT, r-patched-linux-x86_64, r-patched-solaris-x86, r-release-linux-x86_64, r-release-macos-arm64, r-release-macos-x86_64, r-release-windows-ix86+x86_64, r-oldrel-macos-x86_64, r-oldrel-windows-ix86+x86_64