CRAN Package Check Results for Package symSEM

Last updated on 2021-10-19 09:54:29 CEST.

Flavor Version Tinstall Tcheck Ttotal Status Flags
r-devel-linux-x86_64-debian-clang 0.1 9.07 103.03 112.10 NOTE
r-devel-linux-x86_64-debian-gcc 0.1 7.63 78.03 85.66 NOTE
r-devel-linux-x86_64-fedora-clang 0.1 143.97 NOTE
r-devel-linux-x86_64-fedora-gcc 0.1 134.24 NOTE
r-devel-windows-x86_64 0.1 16.00 107.00 123.00 NOTE
r-devel-windows-x86_64-gcc10-UCRT 0.1 NOTE
r-patched-linux-x86_64 0.1 9.74 100.74 110.48 NOTE
r-patched-solaris-x86 0.1 194.50 NOTE
r-release-linux-x86_64 0.1 8.44 101.55 109.99 NOTE
r-release-macos-arm64 0.1 NOTE
r-release-macos-x86_64 0.1 NOTE
r-release-windows-ix86+x86_64 0.1 20.00 125.00 145.00 NOTE
r-oldrel-macos-x86_64 0.1 OK
r-oldrel-windows-ix86+x86_64 0.1 25.00 127.00 152.00 OK

Check Details

Version: 0.1
Check: LazyData
Result: NOTE
     'LazyData' is specified without a 'data' directory
Flavors: r-devel-linux-x86_64-debian-clang, r-devel-linux-x86_64-debian-gcc, r-devel-linux-x86_64-fedora-clang, r-devel-linux-x86_64-fedora-gcc, r-devel-windows-x86_64, r-devel-windows-x86_64-gcc10-UCRT, r-patched-linux-x86_64, r-patched-solaris-x86, r-release-linux-x86_64, r-release-macos-arm64, r-release-macos-x86_64, r-release-windows-ix86+x86_64