CRAN Package Check Results for Package symDMatrix

Last updated on 2021-10-22 09:53:21 CEST.

Flavor Version Tinstall Tcheck Ttotal Status Flags
r-devel-linux-x86_64-debian-clang 2.1.1 2.30 30.03 32.33 OK
r-devel-linux-x86_64-debian-gcc 2.1.1 2.29 23.57 25.86 OK
r-devel-linux-x86_64-fedora-clang 2.1.1 50.73 OK
r-devel-linux-x86_64-fedora-gcc 2.1.1 40.52 OK
r-devel-windows-x86_64 2.1.1 6.00 41.00 47.00 WARN
r-devel-windows-x86_64-gcc10-UCRT 2.1.1 WARN
r-patched-linux-x86_64 2.1.1 3.01 29.30 32.31 OK
r-patched-solaris-x86 2.1.1 63.20 OK
r-release-linux-x86_64 2.1.1 3.06 29.25 32.31 OK
r-release-macos-arm64 2.1.1 OK
r-release-macos-x86_64 2.1.1 OK
r-release-windows-ix86+x86_64 2.1.1 5.00 51.00 56.00 OK
r-oldrel-macos-x86_64 2.1.1 OK
r-oldrel-windows-ix86+x86_64 2.1.1 7.00 51.00 58.00 OK

Check Details

Version: 2.1.1
Check: whether package can be installed
Result: WARN
    Found the following significant warnings:
     Warning: 'memory.limit()' is no longer supported
Flavors: r-devel-windows-x86_64, r-devel-windows-x86_64-gcc10-UCRT