CRAN Package Check Results for Package swissdd

Last updated on 2021-10-21 09:55:08 CEST.

Flavor Version Tinstall Tcheck Ttotal Status Flags
r-devel-linux-x86_64-debian-clang 1.1.4 9.57 93.36 102.93 OK
r-devel-linux-x86_64-debian-gcc 1.1.4 7.30 70.59 77.89 OK
r-devel-linux-x86_64-fedora-clang 1.1.4 135.81 OK
r-devel-linux-x86_64-fedora-gcc 1.1.4 121.56 OK
r-devel-windows-x86_64 1.1.4 15.00 104.00 119.00 OK
r-devel-windows-x86_64-gcc10-UCRT 1.1.4 ERROR
r-patched-linux-x86_64 1.1.4 8.62 89.92 98.54 OK
r-patched-solaris-x86 1.1.4 194.90 OK
r-release-linux-x86_64 1.1.4 9.20 88.74 97.94 OK
r-release-macos-arm64 1.1.4 OK
r-release-macos-x86_64 1.1.4 OK
r-release-windows-ix86+x86_64 1.1.4 23.00 128.00 151.00 OK
r-oldrel-macos-x86_64 1.1.4 OK
r-oldrel-windows-ix86+x86_64 1.1.4 22.00 125.00 147.00 OK

Check Details

Version: 1.1.4
Check: examples
Result: ERROR
    Running examples in 'swissdd-Ex.R' failed
    The error most likely occurred in:
    
    > ### Name: get_geodata
    > ### Title: Get Swiss Geodata
    > ### Aliases: get_geodata
    >
    > ### ** Examples
    >
    >
    > # Get latest geodata at municipal level
    > get_geodata()
    Warning in CPL_get_layers(dsn, options, do_count) :
     GDAL Error 1: SSL certificate problem: self signed certificate in certificate chain
    Cannot open data source https://www.bfs.admin.ch/bfsstatic/dam/assets/18124132/master
    Error in CPL_get_layers(dsn, options, do_count) : Open failed.
    Calls: get_geodata -> <Anonymous> -> CPL_get_layers
    Execution halted
Flavor: r-devel-windows-x86_64-gcc10-UCRT