CRAN Package Check Results for Package svs

Last updated on 2021-10-16 09:54:34 CEST.

Flavor Version Tinstall Tcheck Ttotal Status Flags
r-devel-linux-x86_64-debian-clang 3.0.0 8.67 77.67 86.34 NOTE
r-devel-linux-x86_64-debian-gcc 3.0.0 7.10 59.13 66.23 NOTE
r-devel-linux-x86_64-fedora-clang 3.0.0 115.67 NOTE
r-devel-linux-x86_64-fedora-gcc 3.0.0 103.04 NOTE
r-devel-windows-x86_64 3.0.0 10.00 76.00 86.00 NOTE
r-devel-windows-x86_64-gcc10-UCRT 3.0.0 NOTE
r-patched-linux-x86_64 3.0.0 8.66 75.59 84.25 NOTE
r-patched-solaris-x86 3.0.0 153.20 NOTE
r-release-linux-x86_64 3.0.0 8.33 74.65 82.98 NOTE
r-release-macos-arm64 3.0.0 NOTE
r-release-macos-x86_64 3.0.0 NOTE
r-release-windows-ix86+x86_64 3.0.0 19.00 107.00 126.00 NOTE
r-oldrel-macos-x86_64 3.0.0 OK
r-oldrel-windows-ix86+x86_64 3.0.0 19.00 105.00 124.00 OK

Check Details

Version: 3.0.0
Check: LazyData
Result: NOTE
     'LazyData' is specified without a 'data' directory
Flavors: r-devel-linux-x86_64-debian-clang, r-devel-linux-x86_64-debian-gcc, r-devel-linux-x86_64-fedora-clang, r-devel-linux-x86_64-fedora-gcc, r-devel-windows-x86_64, r-devel-windows-x86_64-gcc10-UCRT, r-patched-linux-x86_64, r-patched-solaris-x86, r-release-linux-x86_64, r-release-macos-arm64, r-release-macos-x86_64, r-release-windows-ix86+x86_64