CRAN Package Check Results for Package svars

Last updated on 2021-10-22 09:53:21 CEST.

Flavor Version Tinstall Tcheck Ttotal Status Flags
r-devel-linux-x86_64-debian-clang 1.3.8 135.59 213.96 349.55 OK
r-devel-linux-x86_64-debian-gcc 1.3.8 108.67 154.08 262.75 OK
r-devel-linux-x86_64-fedora-clang 1.3.8 504.95 NOTE
r-devel-linux-x86_64-fedora-gcc 1.3.8 460.90 OK
r-devel-windows-x86_64 1.3.8 189.00 212.00 401.00 OK
r-devel-windows-x86_64-gcc10-UCRT 1.3.8 OK
r-patched-linux-x86_64 1.3.8 135.40 201.69 337.09 OK
r-patched-solaris-x86 1.3.8 490.90 OK
r-release-linux-x86_64 1.3.8 125.44 199.30 324.74 OK
r-release-macos-arm64 1.3.8 NOTE
r-release-macos-x86_64 1.3.8 NOTE
r-release-windows-ix86+x86_64 1.3.8 353.00 354.00 707.00 OK
r-oldrel-macos-x86_64 1.3.8 NOTE
r-oldrel-windows-ix86+x86_64 1.3.8 355.00 361.00 716.00 OK

Check Details

Version: 1.3.8
Check: installed package size
Result: NOTE
     installed size is 8.4Mb
     sub-directories of 1Mb or more:
     help 1.1Mb
     libs 6.6Mb
Flavors: r-devel-linux-x86_64-fedora-clang, r-release-macos-arm64, r-release-macos-x86_64, r-oldrel-macos-x86_64