CRAN Package Check Results for Package survival

Last updated on 2021-06-22 09:51:55 CEST.

Flavor Version Tinstall Tcheck Ttotal Status Flags
r-devel-linux-x86_64-debian-clang 3.2-11 65.09 607.92 673.01 OK
r-devel-linux-x86_64-debian-gcc 3.2-11 49.53 454.81 504.34 OK
r-devel-linux-x86_64-fedora-clang 3.2-11 810.91 NOTE
r-devel-linux-x86_64-fedora-gcc 3.2-11 800.10 OK
r-devel-windows-x86_64 3.2-11 98.00 706.00 804.00 NOTE
r-devel-windows-x86_64-gcc10-UCRT 3.2-11 OK
r-patched-linux-x86_64 3.2-11 56.91 585.38 642.29 OK
r-patched-solaris-x86 3.2-11 NOTE
r-release-linux-x86_64 3.2-11 59.85 583.97 643.82 OK
r-release-macos-arm64 3.2-11 NOTE
r-release-macos-x86_64 3.2-11 NOTE
r-release-windows-ix86+x86_64 3.2-11 152.00 773.00 925.00 NOTE
r-oldrel-macos-x86_64 3.2-11 NOTE

Check Details

Version: 3.2-11
Check: installed package size
Result: NOTE
     installed size is 7.9Mb
     sub-directories of 1Mb or more:
     R 1.2Mb
     data 1.9Mb
     doc 3.3Mb
Flavors: r-devel-linux-x86_64-fedora-clang, r-devel-windows-x86_64, r-patched-solaris-x86, r-release-macos-arm64, r-release-macos-x86_64, r-release-windows-ix86+x86_64, r-oldrel-macos-x86_64