CRAN Package Check Results for Package subscreen

Last updated on 2021-07-27 09:53:41 CEST.

Flavor Version Tinstall Tcheck Ttotal Status Flags
r-devel-linux-x86_64-debian-clang 3.0.5 4.16 45.02 49.18 NOTE
r-devel-linux-x86_64-debian-gcc 3.0.5 3.95 35.53 39.48 NOTE
r-devel-linux-x86_64-fedora-clang 3.0.5 70.70 NOTE
r-devel-linux-x86_64-fedora-gcc 3.0.5 59.77 NOTE
r-devel-windows-x86_64 3.0.5 9.00 68.00 77.00 NOTE
r-devel-windows-x86_64-gcc10-UCRT 3.0.5 NOTE
r-patched-linux-x86_64 3.0.5 4.45 44.58 49.03 NOTE
r-patched-solaris-x86 3.0.5 94.00 NOTE
r-release-linux-x86_64 3.0.5 4.30 43.61 47.91 NOTE
r-release-macos-arm64 3.0.5 NOTE
r-release-macos-x86_64 3.0.5 NOTE
r-release-windows-ix86+x86_64 3.0.5 12.00 67.00 79.00 NOTE
r-oldrel-macos-x86_64 3.0.5 NOTE
r-oldrel-windows-ix86+x86_64 3.0.5 13.00 72.00 85.00 OK

Check Details

Version: 3.0.5
Check: LazyData
Result: NOTE
     'LazyData' is specified without a 'data' directory
Flavors: r-devel-linux-x86_64-debian-clang, r-devel-linux-x86_64-debian-gcc, r-devel-linux-x86_64-fedora-clang, r-devel-linux-x86_64-fedora-gcc, r-devel-windows-x86_64, r-devel-windows-x86_64-gcc10-UCRT, r-patched-linux-x86_64, r-patched-solaris-x86, r-release-linux-x86_64, r-release-macos-arm64, r-release-macos-x86_64, r-release-windows-ix86+x86_64

Version: 3.0.5
Check: dependencies in R code
Result: NOTE
    Namespaces in Imports field not imported from:
     ‘DT’ ‘bsplus’ ‘colourpicker’ ‘grDevices’ ‘graphics’ ‘jsonlite’
     ‘purrr’ ‘shinyWidgets’ ‘shinyjs’
     All declared Imports should be used.
Flavors: r-devel-linux-x86_64-fedora-clang, r-devel-linux-x86_64-fedora-gcc, r-devel-windows-x86_64-gcc10-UCRT, r-patched-solaris-x86, r-release-macos-arm64, r-release-macos-x86_64, r-oldrel-macos-x86_64