CRAN Package Check Results for Package stringdist

Last updated on 2021-09-22 09:52:50 CEST.

Flavor Version Tinstall Tcheck Ttotal Status Flags
r-devel-linux-x86_64-debian-clang 0.9.8 6.02 36.81 42.83 OK
r-devel-linux-x86_64-debian-gcc 0.9.8 4.02 28.75 32.77 OK
r-devel-linux-x86_64-fedora-clang 0.9.8 61.37 OK
r-devel-linux-x86_64-fedora-gcc 0.9.8 49.85 OK
r-devel-windows-x86_64 0.9.8 11.00 42.00 53.00 OK
r-devel-windows-x86_64-gcc10-UCRT 0.9.8 ERROR
r-patched-linux-x86_64 0.9.8 6.07 36.24 42.31 OK
r-patched-solaris-x86 0.9.8 70.90 OK
r-release-linux-x86_64 0.9.8 4.90 35.68 40.58 OK
r-release-macos-arm64 0.9.8 OK
r-release-macos-x86_64 0.9.8 OK
r-release-windows-ix86+x86_64 0.9.8 21.00 52.00 73.00 OK
r-oldrel-macos-x86_64 0.9.8 OK
r-oldrel-windows-ix86+x86_64 0.9.8 25.00 63.00 88.00 OK

Check Details

Version: 0.9.8
Check: whether package can be installed
Result: ERROR
    Installation failed.
Flavor: r-devel-windows-x86_64-gcc10-UCRT