CRAN Package Check Results for Package stringb

Last updated on 2021-10-18 09:55:00 CEST.

Flavor Version Tinstall Tcheck Ttotal Status Flags
r-devel-linux-x86_64-debian-clang 0.1.17 3.43 30.10 33.53 NOTE
r-devel-linux-x86_64-debian-gcc 0.1.17 2.97 23.74 26.71 NOTE
r-devel-linux-x86_64-fedora-clang 0.1.17 50.64 NOTE
r-devel-linux-x86_64-fedora-gcc 0.1.17 39.37 NOTE
r-devel-windows-x86_64 0.1.17 6.00 42.00 48.00 NOTE
r-devel-windows-x86_64-gcc10-UCRT 0.1.17 NOTE
r-patched-linux-x86_64 0.1.17 4.01 28.81 32.82 NOTE
r-patched-solaris-x86 0.1.17 61.50 NOTE
r-release-linux-x86_64 0.1.17 3.12 29.00 32.12 NOTE
r-release-macos-arm64 0.1.17 NOTE
r-release-macos-x86_64 0.1.17 NOTE
r-release-windows-ix86+x86_64 0.1.17 6.00 46.00 52.00 NOTE
r-oldrel-macos-x86_64 0.1.17 OK
r-oldrel-windows-ix86+x86_64 0.1.17 11.00 48.00 59.00 OK

Check Details

Version: 0.1.17
Check: LazyData
Result: NOTE
     'LazyData' is specified without a 'data' directory
Flavors: r-devel-linux-x86_64-debian-clang, r-devel-linux-x86_64-debian-gcc, r-devel-linux-x86_64-fedora-clang, r-devel-linux-x86_64-fedora-gcc, r-devel-windows-x86_64, r-devel-windows-x86_64-gcc10-UCRT, r-patched-linux-x86_64, r-patched-solaris-x86, r-release-linux-x86_64, r-release-macos-arm64, r-release-macos-x86_64, r-release-windows-ix86+x86_64