CRAN Package Check Results for Package strat

Last updated on 2021-10-20 09:55:24 CEST.

Flavor Version Tinstall Tcheck Ttotal Status Flags
r-devel-linux-x86_64-debian-clang 0.1 26.10 35.23 61.33 OK
r-devel-linux-x86_64-debian-gcc 0.1 19.72 29.30 49.02 OK
r-devel-linux-x86_64-fedora-clang 0.1 98.37 NOTE
r-devel-linux-x86_64-fedora-gcc 0.1 82.19 NOTE
r-devel-windows-x86_64 0.1 39.00 57.00 96.00 OK
r-devel-windows-x86_64-gcc10-UCRT 0.1 OK
r-patched-linux-x86_64 0.1 24.15 34.54 58.69 OK
r-patched-solaris-x86 0.1 104.70 OK
r-release-linux-x86_64 0.1 25.75 34.89 60.64 OK
r-release-macos-arm64 0.1 OK
r-release-macos-x86_64 0.1 OK
r-release-windows-ix86+x86_64 0.1 74.00 86.00 160.00 OK
r-oldrel-macos-x86_64 0.1 OK
r-oldrel-windows-ix86+x86_64 0.1 78.00 85.00 163.00 OK

Check Details

Version: 0.1
Check: compiled code
Result: NOTE
    File ‘strat/libs/strat.so’:
     Found no calls to: ‘R_registerRoutines’, ‘R_useDynamicSymbols’
    
    It is good practice to register native routines and to disable symbol
    search.
    
    See ‘Writing portable packages’ in the ‘Writing R Extensions’ manual.
Flavors: r-devel-linux-x86_64-fedora-clang, r-devel-linux-x86_64-fedora-gcc