Last updated on 2024-04-19 10:57:43 CEST.
Flavor | Version | Tinstall | Tcheck | Ttotal | Status | Flags |
---|---|---|---|---|---|---|
r-devel-linux-x86_64-debian-clang | 1.2.5 | 11.54 | 70.47 | 82.01 | NOTE | |
r-devel-linux-x86_64-debian-gcc | 1.2.5 | NOTE | ||||
r-devel-linux-x86_64-fedora-clang | 1.2.5 | 100.62 | NOTE | |||
r-devel-linux-x86_64-fedora-gcc | 1.2.5 | 109.93 | NOTE | |||
r-prerel-macos-arm64 | 1.2.5 | 37.00 | NOTE | |||
r-prerel-windows-x86_64 | 1.2.5 | 10.00 | 76.00 | 86.00 | NOTE | |
r-patched-linux-x86_64 | 1.2.5 | 8.95 | 66.17 | 75.12 | NOTE | |
r-release-linux-x86_64 | 1.2.5 | 10.34 | 66.31 | 76.65 | NOTE | |
r-release-macos-arm64 | 1.2.5 | 37.00 | NOTE | |||
r-release-macos-x86_64 | 1.2.5 | 61.00 | NOTE | |||
r-release-windows-x86_64 | 1.2.5 | 12.00 | 89.00 | 101.00 | NOTE | |
r-oldrel-macos-arm64 | 1.2.5 | 32.00 | NOTE | |||
r-oldrel-windows-x86_64 | 1.2.5 | 13.00 | 89.00 | 102.00 | NOTE |
Version: 1.2.5
Check: LazyData
Result: NOTE
'LazyData' is specified without a 'data' directory
Flavors: r-devel-linux-x86_64-debian-clang, r-devel-linux-x86_64-debian-gcc, r-devel-linux-x86_64-fedora-clang, r-devel-linux-x86_64-fedora-gcc, r-prerel-macos-arm64, r-prerel-windows-x86_64, r-patched-linux-x86_64, r-release-linux-x86_64, r-release-macos-arm64, r-release-macos-x86_64, r-release-windows-x86_64, r-oldrel-macos-arm64, r-oldrel-windows-x86_64