CRAN Package Check Results for Package stm

Last updated on 2021-09-21 09:53:09 CEST.

Flavor Version Tinstall Tcheck Ttotal Status Flags
r-devel-linux-x86_64-debian-clang 1.3.6 49.81 286.63 336.44 OK
r-devel-linux-x86_64-debian-gcc 1.3.6 35.64 205.19 240.83 OK
r-devel-linux-x86_64-fedora-clang 1.3.6 407.31 OK
r-devel-linux-x86_64-fedora-gcc 1.3.6 390.67 OK
r-devel-windows-x86_64 1.3.6 51.00 264.00 315.00 OK
r-devel-windows-x86_64-gcc10-UCRT 1.3.6 ERROR
r-patched-linux-x86_64 1.3.6 46.29 269.84 316.13 OK
r-patched-solaris-x86 1.3.6 516.70 OK
r-release-linux-x86_64 1.3.6 37.94 269.29 307.23 OK
r-release-macos-arm64 1.3.6 NOTE
r-release-macos-x86_64 1.3.6 NOTE
r-release-windows-ix86+x86_64 1.3.6 105.00 388.00 493.00 OK
r-oldrel-macos-x86_64 1.3.6 NOTE
r-oldrel-windows-ix86+x86_64 1.3.6 106.00 406.00 512.00 OK

Check Details

Version: 1.3.6
Check: whether package can be installed
Result: ERROR
    Installation failed.
Flavor: r-devel-windows-x86_64-gcc10-UCRT

Version: 1.3.6
Check: installed package size
Result: NOTE
     installed size is 5.7Mb
     sub-directories of 1Mb or more:
     data 1.7Mb
     libs 2.8Mb
Flavors: r-release-macos-arm64, r-release-macos-x86_64, r-oldrel-macos-x86_64