CRAN Package Check Results for Package stevemisc

Last updated on 2021-10-27 10:10:01 CEST.

Flavor Version Tinstall Tcheck Ttotal Status Flags
r-devel-linux-x86_64-debian-clang 1.3.0 13.58 119.19 132.77 OK
r-devel-linux-x86_64-debian-gcc 1.3.0 11.82 89.12 100.94 OK
r-devel-linux-x86_64-fedora-clang 1.3.0 168.43 NOTE
r-devel-linux-x86_64-fedora-gcc 1.3.0 151.98 NOTE
r-devel-windows-x86_64 1.3.0 23.00 153.00 176.00 OK
r-devel-windows-x86_64-gcc10-UCRT 1.3.0 NOTE
r-patched-linux-x86_64 1.3.0 13.89 111.21 125.10 OK
r-patched-solaris-x86 1.3.0 210.10 NOTE
r-release-linux-x86_64 1.3.0 13.62 111.48 125.10 OK
r-release-macos-arm64 1.3.0 NOTE
r-release-macos-x86_64 1.3.0 NOTE
r-release-windows-ix86+x86_64 1.2.0 21.00 130.00 151.00 OK
r-oldrel-macos-x86_64 1.3.0 NOTE
r-oldrel-windows-ix86+x86_64 1.2.0 38.00 152.00 190.00 OK

Check Details

Version: 1.3.0
Check: data for non-ASCII characters
Result: NOTE
     Note: found 1 marked UTF-8 string
Flavors: r-devel-linux-x86_64-fedora-clang, r-devel-linux-x86_64-fedora-gcc, r-devel-windows-x86_64-gcc10-UCRT, r-patched-solaris-x86, r-release-macos-arm64, r-release-macos-x86_64, r-oldrel-macos-x86_64