CRAN Package Check Results for Package stepR

Last updated on 2021-09-17 09:53:39 CEST.

Flavor Version Tinstall Tcheck Ttotal Status Flags
r-devel-linux-x86_64-debian-clang 2.1-1 265.13 353.85 618.98 OK
r-devel-linux-x86_64-debian-gcc 2.1-1 151.84 245.65 397.49 OK
r-devel-linux-x86_64-fedora-clang 2.1-1 806.63 NOTE
r-devel-linux-x86_64-fedora-gcc 2.1-1 728.22 OK
r-devel-windows-x86_64 2.1-1 220.00 421.00 641.00 OK
r-devel-windows-x86_64-gcc10-UCRT 2.1-1 OK
r-patched-linux-x86_64 2.1-1 198.51 329.32 527.83 OK
r-patched-solaris-x86 2.1-1 791.80 OK
r-release-linux-x86_64 2.1-1 191.70 325.69 517.39 OK
r-release-macos-arm64 2.1-1 NOTE
r-release-macos-x86_64 2.1-1 NOTE
r-release-windows-ix86+x86_64 2.1-1 558.00 476.00 1034.00 OK
r-oldrel-macos-x86_64 2.1-1 NOTE
r-oldrel-windows-ix86+x86_64 2.1-1 408.00 615.00 1023.00 OK

Check Details

Version: 2.1-1
Check: installed package size
Result: NOTE
     installed size is 6.8Mb
     sub-directories of 1Mb or more:
     libs 5.7Mb
Flavors: r-devel-linux-x86_64-fedora-clang, r-release-macos-arm64, r-release-macos-x86_64, r-oldrel-macos-x86_64