CRAN Package Check Results for Package statquotes

Last updated on 2021-09-19 09:50:45 CEST.

Flavor Version Tinstall Tcheck Ttotal Status Flags
r-devel-linux-x86_64-debian-clang 0.2.2 10.25 82.12 92.37 OK
r-devel-linux-x86_64-debian-gcc 0.2.2 7.48 60.53 68.01 OK
r-devel-linux-x86_64-fedora-clang 0.2.2 115.78 NOTE
r-devel-linux-x86_64-fedora-gcc 0.2.2 102.51 OK
r-devel-windows-x86_64 0.2.2 12.00 98.00 110.00 OK
r-devel-windows-x86_64-gcc10-UCRT 0.2.2 ERROR
r-patched-linux-x86_64 0.2.2 13.50 75.27 88.77 OK
r-patched-solaris-x86 0.2.2 157.40 OK
r-release-linux-x86_64 0.2.2 8.64 75.95 84.59 OK
r-release-macos-arm64 0.2.2 OK
r-release-macos-x86_64 0.2.2 OK
r-release-windows-ix86+x86_64 0.2.2 22.00 76.00 98.00 OK
r-oldrel-macos-x86_64 0.2.2 OK
r-oldrel-windows-ix86+x86_64 0.2.2 22.00 78.00 100.00 OK

Check Details

Version: 0.2.2
Check: Rd cross-references
Result: NOTE
    Undeclared package ‘fortunes’ in Rd xrefs
Flavor: r-devel-linux-x86_64-fedora-clang

Version: 0.2.2
Check: whether package can be installed
Result: WARN
    Found the following significant warnings:
     WARNING: installation-time patches will not be applied, could not get the patches index
Flavor: r-devel-windows-x86_64-gcc10-UCRT

Version: 0.2.2
Check: PDF version of manual
Result: WARN
    LaTeX errors when creating PDF version.
    This typically indicates Rd problems.
Flavor: r-devel-windows-x86_64-gcc10-UCRT

Version: 0.2.2
Check: PDF version of manual without hyperrefs or index
Result: ERROR
    Re-running with no redirection of stdout/stderr.
Flavor: r-devel-windows-x86_64-gcc10-UCRT