CRAN Package Check Results for Package statVisual

Last updated on 2021-09-16 09:54:57 CEST.

Flavor Version Tinstall Tcheck Ttotal Status Flags
r-devel-linux-x86_64-debian-clang 1.2.1 17.10 222.88 239.98 OK
r-devel-linux-x86_64-debian-gcc 1.2.1 14.48 158.97 173.45 OK
r-devel-linux-x86_64-fedora-clang 1.2.1 286.25 NOTE
r-devel-linux-x86_64-fedora-gcc 1.2.1 271.10 NOTE
r-devel-windows-x86_64 1.2.1 41.00 253.00 294.00 OK
r-devel-windows-x86_64-gcc10-UCRT 1.2.1 NOTE
r-patched-linux-x86_64 1.2.1 24.06 204.37 228.43 OK
r-patched-solaris-x86 1.2.1 306.60 NOTE
r-release-linux-x86_64 1.2.1 15.40 203.72 219.12 OK
r-release-macos-arm64 1.2.1 ERROR
r-release-macos-x86_64 1.2.1 ERROR
r-release-windows-ix86+x86_64 1.2.1 43.00 182.00 225.00 OK
r-oldrel-macos-x86_64 1.2.1 ERROR
r-oldrel-windows-ix86+x86_64 1.2.1 54.00 261.00 315.00 OK

Check Details

Version: 1.2.1
Check: package dependencies
Result: NOTE
    Imports includes 23 non-default packages.
    Importing from so many packages makes the package vulnerable to any of
    them becoming unavailable. Move as many as possible to Suggests and
    use conditionally.
Flavor: r-devel-linux-x86_64-fedora-clang

Version: 1.2.1
Check: dependencies in R code
Result: NOTE
    Namespaces in Imports field not imported from:
     ‘gbm’ ‘ggfortify’ ‘tibble’ ‘tidyverse’
     All declared Imports should be used.
Flavors: r-devel-linux-x86_64-fedora-clang, r-devel-linux-x86_64-fedora-gcc, r-devel-windows-x86_64-gcc10-UCRT, r-patched-solaris-x86

Version: 1.2.1
Check: package dependencies
Result: ERROR
    Package required but not available: ‘pvca’
    
    See section ‘The DESCRIPTION file’ in the ‘Writing R Extensions’
    manual.
Flavors: r-release-macos-arm64, r-release-macos-x86_64, r-oldrel-macos-x86_64