CRAN Package Check Results for Package sphet

Last updated on 2021-09-22 09:52:49 CEST.

Flavor Version Tinstall Tcheck Ttotal Status Flags
r-devel-linux-x86_64-debian-clang 1.7 17.14 189.12 206.26 OK
r-devel-linux-x86_64-debian-gcc 1.7 13.23 141.98 155.21 OK
r-devel-linux-x86_64-fedora-clang 1.7 252.87 OK
r-devel-linux-x86_64-fedora-gcc 1.7 241.46 OK
r-devel-windows-x86_64 1.7 18.00 165.00 183.00 OK
r-devel-windows-x86_64-gcc10-UCRT 1.7 ERROR
r-patched-linux-x86_64 1.7 16.32 176.23 192.55 OK
r-patched-solaris-x86 1.7 343.20 OK
r-release-linux-x86_64 1.7 14.87 174.96 189.83 OK
r-release-macos-arm64 1.7 OK
r-release-macos-x86_64 1.7 OK
r-release-windows-ix86+x86_64 1.7 40.00 155.00 195.00 OK
r-oldrel-macos-x86_64 1.7 OK
r-oldrel-windows-ix86+x86_64 1.7 30.00 151.00 181.00 OK

Check Details

Version: 1.7
Check: package dependencies
Result: ERROR
    Package required but not available: 'spdep'
    
    See section 'The DESCRIPTION file' in the 'Writing R Extensions'
    manual.
Flavor: r-devel-windows-x86_64-gcc10-UCRT