Last updated on 2024-04-23 10:54:18 CEST.
Flavor | Version | Tinstall | Tcheck | Ttotal | Status | Flags |
---|---|---|---|---|---|---|
r-devel-linux-x86_64-debian-clang | 0.1-1 | 5.64 | 56.64 | 62.28 | NOTE | |
r-devel-linux-x86_64-debian-gcc | 0.1-1 | 4.62 | 43.74 | 48.36 | NOTE | |
r-devel-linux-x86_64-fedora-clang | 0.1-1 | 75.77 | NOTE | |||
r-devel-linux-x86_64-fedora-gcc | 0.1-1 | 75.08 | NOTE | |||
r-prerel-macos-arm64 | 0.1-1 | 26.00 | NOTE | |||
r-prerel-windows-x86_64 | 0.1-1 | 6.00 | 59.00 | 65.00 | NOTE | |
r-patched-linux-x86_64 | 0.1-1 | 4.56 | 54.87 | 59.43 | NOTE | |
r-release-linux-x86_64 | 0.1-1 | 5.25 | 55.76 | 61.01 | NOTE | |
r-release-macos-arm64 | 0.1-1 | 34.00 | NOTE | |||
r-release-macos-x86_64 | 0.1-1 | 49.00 | NOTE | |||
r-release-windows-x86_64 | 0.1-1 | 9.00 | 67.00 | 76.00 | NOTE | |
r-oldrel-macos-arm64 | 0.1-1 | 90.00 | NOTE | |||
r-oldrel-windows-x86_64 | 0.1-1 | 7.00 | 72.00 | 79.00 | NOTE |
Version: 0.1-1
Check: LazyData
Result: NOTE
'LazyData' is specified without a 'data' directory
Flavors: r-devel-linux-x86_64-debian-clang, r-devel-linux-x86_64-debian-gcc, r-devel-linux-x86_64-fedora-clang, r-devel-linux-x86_64-fedora-gcc, r-prerel-macos-arm64, r-prerel-windows-x86_64, r-patched-linux-x86_64, r-release-linux-x86_64, r-release-macos-arm64, r-release-macos-x86_64, r-release-windows-x86_64, r-oldrel-macos-arm64, r-oldrel-windows-x86_64
Version: 0.1-1
Check: for non-standard things in the check directory
Result: NOTE
Found the following files/directories:
‘.neig’
Flavors: r-devel-linux-x86_64-debian-clang, r-devel-linux-x86_64-debian-gcc, r-devel-linux-x86_64-fedora-clang, r-devel-linux-x86_64-fedora-gcc, r-patched-linux-x86_64, r-release-linux-x86_64