CRAN Package Check Results for Package spelling

Last updated on 2021-09-26 09:49:51 CEST.

Flavor Version Tinstall Tcheck Ttotal Status Flags
r-devel-linux-x86_64-debian-clang 2.2 2.62 25.08 27.70 NOTE
r-devel-linux-x86_64-debian-gcc 2.2 1.90 19.22 21.12 NOTE
r-devel-linux-x86_64-fedora-clang 2.2 41.39 NOTE
r-devel-linux-x86_64-fedora-gcc 2.2 30.78 NOTE
r-devel-windows-x86_64 2.2 3.00 30.00 33.00 NOTE
r-devel-windows-x86_64-gcc10-UCRT 2.2 NOTE
r-patched-linux-x86_64 2.2 2.63 23.75 26.38 NOTE
r-patched-solaris-x86 2.2 48.80 NOTE
r-release-linux-x86_64 2.2 2.55 23.68 26.23 NOTE
r-release-macos-arm64 2.2 NOTE
r-release-macos-x86_64 2.2 NOTE
r-release-windows-ix86+x86_64 2.2 6.00 31.00 37.00 NOTE
r-oldrel-macos-x86_64 2.2 OK
r-oldrel-windows-ix86+x86_64 2.2 4.00 30.00 34.00 OK

Check Details

Version: 2.2
Check: LazyData
Result: NOTE
     'LazyData' is specified without a 'data' directory
Flavors: r-devel-linux-x86_64-debian-clang, r-devel-linux-x86_64-debian-gcc, r-devel-linux-x86_64-fedora-clang, r-devel-linux-x86_64-fedora-gcc, r-devel-windows-x86_64, r-devel-windows-x86_64-gcc10-UCRT, r-patched-linux-x86_64, r-patched-solaris-x86, r-release-linux-x86_64, r-release-macos-arm64, r-release-macos-x86_64, r-release-windows-ix86+x86_64