CRAN Package Check Results for Package speaq

Last updated on 2021-07-29 10:53:19 CEST.

Flavor Version Tinstall Tcheck Ttotal Status Flags
r-devel-linux-x86_64-debian-clang 2.6.1 OK
r-devel-linux-x86_64-debian-gcc 2.6.1 8.65 168.73 177.38 OK
r-devel-linux-x86_64-fedora-clang 2.6.1 202.95 OK
r-devel-linux-x86_64-fedora-gcc 2.6.1 145.16 OK
r-devel-windows-x86_64 2.6.1 13.00 738.00 751.00 OK
r-devel-windows-x86_64-gcc10-UCRT 2.6.1 OK
r-patched-linux-x86_64 2.6.1 10.84 226.31 237.15 OK
r-patched-solaris-x86 2.6.1 1201.00 OK
r-release-linux-x86_64 2.6.1 10.23 226.99 237.22 OK
r-release-macos-arm64 2.6.1 ERROR
r-release-macos-x86_64 2.6.1 OK
r-release-windows-ix86+x86_64 2.6.1 23.00 719.00 742.00 OK
r-oldrel-macos-x86_64 2.6.1 OK
r-oldrel-windows-ix86+x86_64 2.6.1 18.00 753.00 771.00 OK

Check Details

Version: 2.6.1
Check: package dependencies
Result: ERROR
    Package required but not available: ‘MassSpecWavelet’
    
    See section ‘The DESCRIPTION file’ in the ‘Writing R Extensions’
    manual.
Flavor: r-release-macos-arm64