CRAN Package Check Results for Package spdep

Last updated on 2021-07-25 09:50:36 CEST.

Flavor Version Tinstall Tcheck Ttotal Status Flags
r-devel-linux-x86_64-debian-clang 1.1-8 42.61 390.66 433.27 OK
r-devel-linux-x86_64-debian-gcc 1.1-8 36.12 285.47 321.59 OK
r-devel-linux-x86_64-fedora-clang 1.1-8 522.40 NOTE
r-devel-linux-x86_64-fedora-gcc 1.1-8 514.51 OK
r-devel-windows-x86_64 1.1-8 54.00 343.00 397.00 NOTE
r-devel-windows-x86_64-gcc10-UCRT 1.1-8 OK
r-patched-linux-x86_64 1.1-8 46.43 370.95 417.38 OK
r-patched-solaris-x86 1.1-8 623.50 ERROR
r-release-linux-x86_64 1.1-8 46.46 364.73 411.19 OK
r-release-macos-arm64 1.1-8 NOTE
r-release-macos-x86_64 1.1-8 NOTE
r-release-windows-ix86+x86_64 1.1-8 97.00 552.00 649.00 NOTE
r-oldrel-macos-x86_64 1.1-8 NOTE
r-oldrel-windows-ix86+x86_64 1.1-8 99.00 591.00 690.00 NOTE

Check Details

Version: 1.1-8
Check: installed package size
Result: NOTE
     installed size is 9.6Mb
     sub-directories of 1Mb or more:
     R 1.2Mb
     doc 6.1Mb
     etc 1.4Mb
Flavors: r-devel-linux-x86_64-fedora-clang, r-devel-windows-x86_64, r-patched-solaris-x86, r-release-macos-arm64, r-release-macos-x86_64, r-release-windows-ix86+x86_64, r-oldrel-macos-x86_64, r-oldrel-windows-ix86+x86_64

Version: 1.1-8
Check: examples
Result: ERROR
    Running examples in ‘spdep-Ex.R’ failed
    The error most likely occurred in:
    
    > ### Name: nb2listwdist
    > ### Title: Distance-based spatial weights for neighbours lists
    > ### Aliases: nb2listwdist
    > ### Keywords: spatial
    >
    > ### ** Examples
    >
    > # World examples
    > data(world, package="spData")
    > # neighbours on distance interval [0, 1000] kilometres
    > pts <- st_centroid(st_transform(world, 3857))
    Warning in CPL_transform(x, crs, aoi, pipeline, reverse, desired_accuracy, :
     GDAL Error 1: No PROJ.4 translation for source SRS, coordinate transformation initialization has failed.
    Error in CPL_transform(x, crs, aoi, pipeline, reverse, desired_accuracy, :
     OGRCreateCoordinateTransformation() returned NULL: PROJ available?
    Calls: st_centroid ... st_transform.sfc -> st_sfc -> structure -> CPL_transform
    Execution halted
Flavor: r-patched-solaris-x86

Version: 1.1-8
Check: package dependencies
Result: NOTE
    Package suggested but not available for checking: ‘tmap’
Flavor: r-release-macos-arm64