CRAN Package Check Results for Package spatsurv

Last updated on 2021-05-08 09:51:25 CEST.

Flavor Version Tinstall Tcheck Ttotal Status Flags
r-devel-linux-x86_64-debian-clang 1.6 28.93 258.36 287.29 OK
r-devel-linux-x86_64-debian-gcc 1.6 27.58 196.32 223.90 OK
r-devel-linux-x86_64-fedora-clang 1.6 359.26 NOTE
r-devel-linux-x86_64-fedora-gcc 1.6 347.29 NOTE
r-devel-windows-ix86+x86_64 1.6 66.00 286.00 352.00 OK
r-devel-windows-x86_64-gcc10-UCRT 1.6 NOTE
r-patched-linux-x86_64 1.6 35.71 249.82 285.53 OK
r-patched-solaris-x86 1.6 454.00 NOTE
r-release-linux-x86_64 1.6 29.72 241.21 270.93 OK
r-release-macos-x86_64 1.6 NOTE
r-release-windows-ix86+x86_64 1.6 41.00 205.00 246.00 OK
r-oldrel-macos-x86_64 1.6 NOTE
r-oldrel-windows-ix86+x86_64 1.6 58.00 256.00 314.00 OK

Check Details

Version: 1.6
Check: dependencies in R code
Result: NOTE
    Namespace in Imports field not imported from: ‘spatstat’
     All declared Imports should be used.
Flavors: r-devel-linux-x86_64-fedora-clang, r-devel-linux-x86_64-fedora-gcc, r-devel-windows-x86_64-gcc10-UCRT, r-patched-solaris-x86, r-release-macos-x86_64, r-oldrel-macos-x86_64