CRAN Package Check Results for Package spatialsample

Last updated on 2021-07-28 09:55:09 CEST.

Flavor Version Tinstall Tcheck Ttotal Status Flags
r-devel-linux-x86_64-debian-clang 0.1.0 NOTE
r-devel-linux-x86_64-debian-gcc 0.1.0 3.52 42.35 45.87 NOTE
r-devel-linux-x86_64-fedora-clang 0.1.0 81.49 NOTE
r-devel-linux-x86_64-fedora-gcc 0.1.0 69.69 NOTE
r-devel-windows-x86_64 0.1.0 9.00 77.00 86.00 NOTE
r-devel-windows-x86_64-gcc10-UCRT 0.1.0 NOTE
r-patched-linux-x86_64 0.1.0 4.71 53.08 57.79 NOTE
r-patched-solaris-x86 0.1.0 100.70 NOTE
r-release-linux-x86_64 0.1.0 4.50 52.97 57.47 NOTE
r-release-macos-arm64 0.1.0 WARN
r-release-macos-x86_64 0.1.0 NOTE
r-release-windows-ix86+x86_64 0.1.0 14.00 62.00 76.00 NOTE
r-oldrel-macos-x86_64 0.1.0 OK
r-oldrel-windows-ix86+x86_64 0.1.0 10.00 86.00 96.00 OK

Check Details

Version: 0.1.0
Check: LazyData
Result: NOTE
     'LazyData' is specified without a 'data' directory
Flavors: r-devel-linux-x86_64-debian-clang, r-devel-linux-x86_64-debian-gcc, r-devel-linux-x86_64-fedora-clang, r-devel-linux-x86_64-fedora-gcc, r-devel-windows-x86_64, r-devel-windows-x86_64-gcc10-UCRT, r-patched-linux-x86_64, r-patched-solaris-x86, r-release-linux-x86_64, r-release-macos-arm64, r-release-macos-x86_64, r-release-windows-ix86+x86_64

Version: 0.1.0
Check: re-building of vignette outputs
Result: WARN
    Error(s) in re-building vignettes:
     ...
    --- re-building ‘spatialsample.Rmd’ using rmarkdown
    Warning in engine$weave(file, quiet = quiet, encoding = enc) :
     Pandoc (>= 1.12.3) not available. Falling back to R Markdown v1.
    Quitting from lines 103-112 (spatialsample.Rmd)
    Error: processing vignette 'spatialsample.Rmd' failed with diagnostics:
    polygon edge not found
    --- failed re-building ‘spatialsample.Rmd’
    
    SUMMARY: processing the following file failed:
     ‘spatialsample.Rmd’
    
    Error: Vignette re-building failed.
    Execution halted
Flavor: r-release-macos-arm64