CRAN Package Check Results for Package sparsebnUtils

Last updated on 2021-10-20 09:55:24 CEST.

Flavor Version Tinstall Tcheck Ttotal Status Flags
r-devel-linux-x86_64-debian-clang 0.0.8 3.40 55.51 58.91 OK
r-devel-linux-x86_64-debian-gcc 0.0.8 3.49 41.46 44.95 OK
r-devel-linux-x86_64-fedora-clang 0.0.8 81.09 NOTE
r-devel-linux-x86_64-fedora-gcc 0.0.8 70.68 OK
r-devel-windows-x86_64 0.0.8 7.00 63.00 70.00 OK
r-devel-windows-x86_64-gcc10-UCRT 0.0.8 OK
r-patched-linux-x86_64 0.0.8 5.41 52.25 57.66 OK
r-patched-solaris-x86 0.0.8 95.80 OK
r-release-linux-x86_64 0.0.8 4.79 53.08 57.87 OK
r-release-macos-arm64 0.0.8 NOTE
r-release-macos-x86_64 0.0.8 OK
r-release-windows-ix86+x86_64 0.0.8 5.00 73.00 78.00 OK
r-oldrel-macos-x86_64 0.0.8 OK
r-oldrel-windows-ix86+x86_64 0.0.8 9.00 73.00 82.00 OK

Check Details

Version: 0.0.8
Check: Rd cross-references
Result: NOTE
    Undeclared package ‘sparsebn’ in Rd xrefs
Flavor: r-devel-linux-x86_64-fedora-clang

Version: 0.0.8
Check: package dependencies
Result: NOTE
    Package suggested but not available for checking: ‘RCy3’
Flavor: r-release-macos-arm64

Version: 0.0.8
Check: Rd cross-references
Result: NOTE
    Package unavailable to check Rd xrefs: ‘RCy3’
Flavor: r-release-macos-arm64