CRAN Package Check Results for Package sparseLTSEigen

Last updated on 2021-10-24 10:04:21 CEST.

Flavor Version Tinstall Tcheck Ttotal Status Flags
r-devel-linux-x86_64-debian-clang 0.2.0.1 75.28 81.60 156.88 OK
r-devel-linux-x86_64-debian-gcc 0.2.0.1 56.52 63.29 119.81 OK
r-devel-linux-x86_64-fedora-clang 0.2.0.1 235.42 NOTE
r-devel-linux-x86_64-fedora-gcc 0.2.0.1 206.99 NOTE
r-devel-windows-x86_64 0.2.0.1 97.00 86.00 183.00 OK
r-devel-windows-x86_64-gcc10-UCRT 0.2.0.1 OK
r-patched-linux-x86_64 0.2.0.1 69.43 78.64 148.07 OK
r-patched-solaris-x86 0.2.0.1 228.20 OK
r-release-linux-x86_64 0.2.0.1 66.05 77.47 143.52 OK
r-release-macos-arm64 0.2.0.1 NOTE
r-release-macos-x86_64 0.2.0.1 NOTE
r-release-windows-ix86+x86_64 0.2.0.1 132.00 148.00 280.00 OK
r-oldrel-macos-x86_64 0.2.0.1 NOTE
r-oldrel-windows-ix86+x86_64 0.2.0.1 188.00 155.00 343.00 OK

Check Details

Version: 0.2.0.1
Check: installed package size
Result: NOTE
     installed size is 15.2Mb
     sub-directories of 1Mb or more:
     libs 15.1Mb
Flavors: r-devel-linux-x86_64-fedora-clang, r-release-macos-arm64, r-release-macos-x86_64, r-oldrel-macos-x86_64

Version: 0.2.0.1
Check: compiled code
Result: NOTE
    File ‘sparseLTSEigen/libs/sparseLTSEigen.so’:
     Found no calls to: ‘R_registerRoutines’, ‘R_useDynamicSymbols’
    
    It is good practice to register native routines and to disable symbol
    search.
    
    See ‘Writing portable packages’ in the ‘Writing R Extensions’ manual.
Flavors: r-devel-linux-x86_64-fedora-clang, r-devel-linux-x86_64-fedora-gcc