CRAN Package Check Results for Package sparseGAM

Last updated on 2021-09-21 09:53:08 CEST.

Flavor Version Tinstall Tcheck Ttotal Status Flags
r-devel-linux-x86_64-debian-clang 1.0 7.08 109.44 116.52 OK
r-devel-linux-x86_64-debian-gcc 1.0 7.61 82.22 89.83 OK
r-devel-linux-x86_64-fedora-clang 1.0 147.56 OK
r-devel-linux-x86_64-fedora-gcc 1.0 136.25 OK
r-devel-windows-x86_64 1.0 10.00 98.00 108.00 OK
r-devel-windows-x86_64-gcc10-UCRT 1.0 ERROR
r-patched-linux-x86_64 1.0 10.79 102.59 113.38 OK
r-patched-solaris-x86 1.0 184.00 OK
r-release-linux-x86_64 1.0 9.04 102.79 111.83 OK
r-release-macos-arm64 1.0 OK
r-release-macos-x86_64 1.0 OK
r-release-windows-ix86+x86_64 1.0 19.00 100.00 119.00 OK
r-oldrel-macos-x86_64 1.0 OK
r-oldrel-windows-ix86+x86_64 1.0 18.00 93.00 111.00 OK

Check Details

Version: 1.0
Check: whether package can be installed
Result: WARN
    Found the following significant warnings:
     WARNING: installation-time patches will not be applied, could not get the patches index
Flavor: r-devel-windows-x86_64-gcc10-UCRT

Version: 1.0
Check: PDF version of manual
Result: WARN
    LaTeX errors when creating PDF version.
    This typically indicates Rd problems.
Flavor: r-devel-windows-x86_64-gcc10-UCRT

Version: 1.0
Check: PDF version of manual without hyperrefs or index
Result: ERROR
    Re-running with no redirection of stdout/stderr.
Flavor: r-devel-windows-x86_64-gcc10-UCRT