Last updated on 2024-04-18 10:50:04 CEST.
Flavor | Version | Tinstall | Tcheck | Ttotal | Status | Flags |
---|---|---|---|---|---|---|
r-devel-linux-x86_64-debian-clang | 0.3.2 | 36.49 | 30.67 | 67.16 | OK | |
r-devel-linux-x86_64-debian-gcc | 0.3.2 | 25.42 | 23.67 | 49.09 | OK | |
r-devel-linux-x86_64-fedora-clang | 0.3.2 | 89.24 | OK | |||
r-devel-linux-x86_64-fedora-gcc | 0.3.2 | 87.78 | OK | |||
r-prerel-macos-arm64 | 0.3.2 | 24.00 | NOTE | |||
r-prerel-windows-x86_64 | 0.3.2 | 28.00 | 73.00 | 101.00 | OK | |
r-patched-linux-x86_64 | 0.3.2 | 34.20 | 28.94 | 63.14 | OK | |
r-release-linux-x86_64 | 0.3.2 | 28.87 | 30.17 | 59.04 | OK | |
r-release-macos-arm64 | 0.3.2 | 28.00 | NOTE | |||
r-release-macos-x86_64 | 0.3.2 | 44.00 | NOTE | |||
r-release-windows-x86_64 | 0.3.2 | 29.00 | 75.00 | 104.00 | OK | |
r-oldrel-macos-arm64 | 0.3.2 | 29.00 | NOTE | |||
r-oldrel-windows-x86_64 | 0.3.2 | 35.00 | 72.00 | 107.00 | OK |
Version: 0.3.2
Check: installed package size
Result: NOTE
installed size is 5.2Mb
sub-directories of 1Mb or more:
include 2.1Mb
libs 3.0Mb
Flavors: r-prerel-macos-arm64, r-release-macos-arm64, r-release-macos-x86_64, r-oldrel-macos-arm64