CRAN Package Check Results for Package spaMM

Last updated on 2021-10-22 09:53:20 CEST.

Flavor Version Tinstall Tcheck Ttotal Status Flags
r-devel-linux-x86_64-debian-clang 3.9.13 193.53 288.10 481.63 OK
r-devel-linux-x86_64-debian-gcc 3.9.13 162.87 216.64 379.51 OK
r-devel-linux-x86_64-fedora-clang 3.9.13 667.02 NOTE
r-devel-linux-x86_64-fedora-gcc 3.9.13 649.34 OK
r-devel-windows-x86_64 3.9.13 241.00 285.00 526.00 OK
r-devel-windows-x86_64-gcc10-UCRT 3.9.13 OK
r-patched-linux-x86_64 3.9.13 192.06 283.36 475.42 OK
r-patched-solaris-x86 3.9.13 556.20 OK
r-release-linux-x86_64 3.9.13 194.40 283.70 478.10 OK
r-release-macos-arm64 3.9.13 NOTE
r-release-macos-x86_64 3.9.13 NOTE
r-release-windows-ix86+x86_64 3.9.13 296.00 392.00 688.00 NOTE
r-oldrel-macos-x86_64 3.9.13 NOTE
r-oldrel-windows-ix86+x86_64 3.9.13 366.00 394.00 760.00 NOTE

Check Details

Version: 3.9.13
Check: installed package size
Result: NOTE
     installed size is 36.6Mb
     sub-directories of 1Mb or more:
     R 2.1Mb
     libs 33.4Mb
Flavors: r-devel-linux-x86_64-fedora-clang, r-release-macos-arm64, r-release-macos-x86_64, r-release-windows-ix86+x86_64, r-oldrel-macos-x86_64, r-oldrel-windows-ix86+x86_64