Last updated on 2024-05-11 10:48:48 CEST.
Flavor | Version | Tinstall | Tcheck | Ttotal | Status | Flags |
---|---|---|---|---|---|---|
r-devel-linux-x86_64-debian-clang | 0.1.0 | 3.51 | 35.74 | 39.25 | OK | |
r-devel-linux-x86_64-debian-gcc | 0.1.0 | 3.23 | 27.00 | 30.23 | OK | |
r-devel-linux-x86_64-fedora-clang | 0.1.0 | 49.79 | NOTE | |||
r-devel-linux-x86_64-fedora-gcc | 0.1.0 | 72.60 | NOTE | |||
r-devel-windows-x86_64 | 0.1.0 | 5.00 | 49.00 | 54.00 | OK | |
r-patched-linux-x86_64 | 0.1.0 | 3.02 | 34.78 | 37.80 | OK | |
r-release-linux-x86_64 | 0.1.0 | 2.82 | 33.74 | 36.56 | OK | |
r-release-macos-arm64 | 0.1.0 | 19.00 | OK | |||
r-release-windows-x86_64 | 0.1.0 | 6.00 | 49.00 | 55.00 | OK | |
r-oldrel-macos-arm64 | 0.1.0 | 22.00 | OK | |||
r-oldrel-macos-x86_64 | 0.1.0 | 31.00 | OK | |||
r-oldrel-windows-x86_64 | 0.1.0 | 6.00 | 49.00 | 55.00 | OK |
Version: 0.1.0
Check: data for non-ASCII characters
Result: NOTE
Note: found 199 marked UTF-8 strings
Flavors: r-devel-linux-x86_64-fedora-clang, r-devel-linux-x86_64-fedora-gcc