CRAN Package Check Results for Package spAddins

Last updated on 2021-10-21 09:55:07 CEST.

Flavor Version Tinstall Tcheck Ttotal Status Flags
r-devel-linux-x86_64-debian-clang 0.2.0 2.43 23.90 26.33 NOTE
r-devel-linux-x86_64-debian-gcc 0.2.0 1.89 19.01 20.90 NOTE
r-devel-linux-x86_64-fedora-clang 0.2.0 42.47 NOTE
r-devel-linux-x86_64-fedora-gcc 0.2.0 32.05 NOTE
r-devel-windows-x86_64 0.2.0 5.00 37.00 42.00 NOTE
r-devel-windows-x86_64-gcc10-UCRT 0.2.0 NOTE
r-patched-linux-x86_64 0.2.0 2.80 22.81 25.61 NOTE
r-patched-solaris-x86 0.2.0 50.10 NOTE
r-release-linux-x86_64 0.2.0 2.03 23.05 25.08 NOTE
r-release-macos-arm64 0.2.0 NOTE
r-release-macos-x86_64 0.2.0 NOTE
r-release-windows-ix86+x86_64 0.2.0 4.00 41.00 45.00 NOTE
r-oldrel-macos-x86_64 0.2.0 OK
r-oldrel-windows-ix86+x86_64 0.2.0 7.00 39.00 46.00 OK

Check Details

Version: 0.2.0
Check: LazyData
Result: NOTE
     'LazyData' is specified without a 'data' directory
Flavors: r-devel-linux-x86_64-debian-clang, r-devel-linux-x86_64-debian-gcc, r-devel-linux-x86_64-fedora-clang, r-devel-linux-x86_64-fedora-gcc, r-devel-windows-x86_64, r-devel-windows-x86_64-gcc10-UCRT, r-patched-linux-x86_64, r-patched-solaris-x86, r-release-linux-x86_64, r-release-macos-arm64, r-release-macos-x86_64, r-release-windows-ix86+x86_64

Version: 0.2.0
Check: Rd cross-references
Result: NOTE
    Undeclared package ‘rebus.base’ in Rd xrefs
Flavor: r-devel-linux-x86_64-fedora-clang