Last updated on 2024-04-18 10:50:04 CEST.
Flavor | Version | Tinstall | Tcheck | Ttotal | Status | Flags |
---|---|---|---|---|---|---|
r-devel-linux-x86_64-debian-clang | 0.0.6 | 17.08 | 158.30 | 175.38 | OK | |
r-devel-linux-x86_64-debian-gcc | 0.0.6 | 13.49 | 114.27 | 127.76 | OK | |
r-devel-linux-x86_64-fedora-clang | 0.0.6 | 228.38 | OK | |||
r-devel-linux-x86_64-fedora-gcc | 0.0.6 | 252.85 | OK | |||
r-prerel-macos-arm64 | 0.0.6 | 83.00 | ERROR | |||
r-prerel-macos-x86_64 | 0.0.6 | 197.00 | OK | |||
r-prerel-windows-x86_64 | 0.0.6 | 14.00 | 141.00 | 155.00 | OK | |
r-patched-linux-x86_64 | 0.0.6 | 20.44 | 150.30 | 170.74 | OK | |
r-release-linux-x86_64 | 0.0.6 | 16.67 | 150.26 | 166.93 | OK | |
r-release-macos-arm64 | 0.0.6 | 88.00 | ERROR | |||
r-release-macos-x86_64 | 0.0.6 | 175.00 | OK | |||
r-release-windows-x86_64 | 0.0.6 | 20.00 | 167.00 | 187.00 | OK | |
r-oldrel-macos-arm64 | 0.0.6 | 78.00 | ERROR | |||
r-oldrel-windows-x86_64 | 0.0.6 | 21.00 | 149.00 | 170.00 | OK |
Version: 0.0.6
Check: tests
Result: ERROR
Running ‘spelling.R’ [0s/0s]
Running ‘testthat.R’ [20s/26s]
Running the tests in ‘tests/testthat.R’ failed.
Last 13 lines of output:
`expected`: "0427" "1946"
── Failure ('test-audioblastProcessors.R:103:3'): .calcTimesOfDay() works as expected ──
as.character(o[2, ]) (`actual`) not equal to c("2248", "0124") (`expected`).
`actual`: "2254" "0119"
`expected`: "2248" "0124"
── Failure ('test-audioblastProcessors.R:105:3'): .calcTimesOfDay() works as expected ──
as.character(o[4, ]) (`actual`) not equal to c("1206", "2248") (`expected`).
`actual`: "1207" "2254"
`expected`: "1206" "2248"
[ FAIL 18 | WARN 0 | SKIP 7 | PASS 811 ]
Error: Test failures
Execution halted
Flavor: r-prerel-macos-arm64
Version: 0.0.6
Check: tests
Result: ERROR
Running ‘spelling.R’ [0s/0s]
Running ‘testthat.R’ [17s/25s]
Running the tests in ‘tests/testthat.R’ failed.
Last 13 lines of output:
`expected`: "0427" "1946"
── Failure ('test-audioblastProcessors.R:103:3'): .calcTimesOfDay() works as expected ──
as.character(o[2, ]) (`actual`) not equal to c("2248", "0124") (`expected`).
`actual`: "2254" "0119"
`expected`: "2248" "0124"
── Failure ('test-audioblastProcessors.R:105:3'): .calcTimesOfDay() works as expected ──
as.character(o[4, ]) (`actual`) not equal to c("1206", "2248") (`expected`).
`actual`: "1207" "2254"
`expected`: "1206" "2248"
[ FAIL 18 | WARN 0 | SKIP 7 | PASS 811 ]
Error: Test failures
Execution halted
Flavor: r-release-macos-arm64
Version: 0.0.6
Check: tests
Result: ERROR
Running ‘spelling.R’ [0s/0s]
Running ‘testthat.R’ [18s/22s]
Running the tests in ‘tests/testthat.R’ failed.
Last 13 lines of output:
`expected`: "0427" "1946"
── Failure ('test-audioblastProcessors.R:103:3'): .calcTimesOfDay() works as expected ──
as.character(o[2, ]) (`actual`) not equal to c("2248", "0124") (`expected`).
`actual`: "2254" "0119"
`expected`: "2248" "0124"
── Failure ('test-audioblastProcessors.R:105:3'): .calcTimesOfDay() works as expected ──
as.character(o[4, ]) (`actual`) not equal to c("1206", "2248") (`expected`).
`actual`: "1207" "2254"
`expected`: "1206" "2248"
[ FAIL 18 | WARN 0 | SKIP 7 | PASS 811 ]
Error: Test failures
Execution halted
Flavor: r-oldrel-macos-arm64