CRAN Package Check Results for Package sommer

Last updated on 2021-09-19 09:50:44 CEST.

Flavor Version Tinstall Tcheck Ttotal Status Flags
r-devel-linux-x86_64-debian-clang 4.1.4 84.22 145.18 229.40 OK --no-vignettes
r-devel-linux-x86_64-debian-gcc 4.1.4 59.54 110.10 169.64 OK --no-vignettes
r-devel-linux-x86_64-fedora-clang 4.1.4 302.82 NOTE --no-vignettes
r-devel-linux-x86_64-fedora-gcc 4.1.4 308.21 OK --no-vignettes
r-devel-windows-x86_64 4.1.4 71.00 185.00 256.00 NOTE --no-vignettes
r-devel-windows-x86_64-gcc10-UCRT 4.1.4 ERROR --no-vignettes
r-patched-linux-x86_64 4.1.4 69.89 142.42 212.31 OK --no-vignettes
r-patched-solaris-x86 4.1.4 319.70 NOTE --no-vignettes
r-release-linux-x86_64 4.1.4 71.18 142.77 213.95 OK --no-vignettes
r-release-macos-arm64 4.1.4 NOTE
r-release-macos-x86_64 4.1.4 NOTE
r-release-windows-ix86+x86_64 4.1.4 168.00 173.00 341.00 NOTE --no-vignettes
r-oldrel-macos-x86_64 4.1.4 NOTE
r-oldrel-windows-ix86+x86_64 4.1.4 168.00 183.00 351.00 NOTE --no-vignettes

Check Details

Version: 4.1.4
Flags: --no-vignettes
Check: installed package size
Result: NOTE
     installed size is 10.7Mb
     sub-directories of 1Mb or more:
     data 1.5Mb
     doc 2.2Mb
     libs 6.2Mb
Flavors: r-devel-linux-x86_64-fedora-clang, r-devel-windows-x86_64, r-patched-solaris-x86, r-release-windows-ix86+x86_64, r-oldrel-windows-ix86+x86_64

Version: 4.1.4
Flags: --no-vignettes
Check: whether package can be installed
Result: ERROR
    Installation failed.
Flavor: r-devel-windows-x86_64-gcc10-UCRT

Version: 4.1.4
Check: installed package size
Result: NOTE
     installed size is 12.9Mb
     sub-directories of 1Mb or more:
     data 1.4Mb
     doc 2.2Mb
     libs 8.4Mb
Flavors: r-release-macos-arm64, r-release-macos-x86_64, r-oldrel-macos-x86_64