CRAN Package Check Results for Package soilDB

Last updated on 2021-07-29 10:53:18 CEST.

Flavor Version Tinstall Tcheck Ttotal Status Flags
r-devel-linux-x86_64-debian-clang 2.6.3 OK
r-devel-linux-x86_64-debian-gcc 2.6.3 15.54 107.71 123.25 OK
r-devel-linux-x86_64-fedora-clang 2.6.3 206.53 OK
r-devel-linux-x86_64-fedora-gcc 2.6.3 197.79 OK
r-devel-windows-x86_64 2.6.3 18.00 162.00 180.00 OK
r-devel-windows-x86_64-gcc10-UCRT 2.6.2 OK
r-patched-linux-x86_64 2.6.3 17.49 138.19 155.68 OK
r-patched-solaris-x86 2.6.3 244.00 OK
r-release-linux-x86_64 2.6.3 16.15 136.13 152.28 OK
r-release-macos-arm64 2.6.3 OK
r-release-macos-x86_64 2.6.3 OK
r-release-windows-ix86+x86_64 2.6.3 35.00 159.00 194.00 OK
r-oldrel-macos-x86_64 2.6.3 OK
r-oldrel-windows-ix86+x86_64 2.6.3 2.00 6.00 8.00 ERROR

Check Details

Version: 2.6.3
Check: whether package can be installed
Result: ERROR
    Installation failed.
Flavor: r-oldrel-windows-ix86+x86_64