CRAN Package Check Results for Package soc.ca

Last updated on 2021-08-04 09:55:11 CEST.

Flavor Version Tinstall Tcheck Ttotal Status Flags
r-devel-linux-x86_64-debian-clang 0.7.3 7.40 93.04 100.44 OK
r-devel-linux-x86_64-debian-gcc 0.7.3 6.37 68.05 74.42 OK
r-devel-linux-x86_64-fedora-clang 0.7.3 128.66 NOTE
r-devel-linux-x86_64-fedora-gcc 0.7.3 115.71 NOTE
r-devel-windows-x86_64 0.7.3 12.00 116.00 128.00 OK
r-devel-windows-x86_64-gcc10-UCRT 0.7.3 NOTE
r-patched-linux-x86_64 0.7.3 13.73 86.08 99.81 OK
r-patched-solaris-x86 0.7.3 159.90 NOTE
r-release-linux-x86_64 0.7.3 7.50 86.22 93.72 OK
r-release-macos-arm64 0.7.3 NOTE
r-release-macos-x86_64 0.7.3 NOTE
r-release-windows-ix86+x86_64 0.7.3 18.00 115.00 133.00 OK
r-oldrel-macos-x86_64 0.7.3 NOTE
r-oldrel-windows-ix86+x86_64 0.7.3 12.00 119.00 131.00 OK

Check Details

Version: 0.7.3
Check: data for non-ASCII characters
Result: NOTE
     Note: found 833 marked UTF-8 strings
Flavors: r-devel-linux-x86_64-fedora-clang, r-devel-linux-x86_64-fedora-gcc, r-devel-windows-x86_64-gcc10-UCRT, r-patched-solaris-x86, r-release-macos-arm64, r-release-macos-x86_64, r-oldrel-macos-x86_64