Last updated on 2024-04-19 10:57:42 CEST.
Flavor | Version | Tinstall | Tcheck | Ttotal | Status | Flags |
---|---|---|---|---|---|---|
r-devel-linux-x86_64-debian-clang | 1.84-6.3 | 2.72 | 35.97 | 38.69 | OK | |
r-devel-linux-x86_64-debian-gcc | 1.84-6.3 | OK | ||||
r-devel-linux-x86_64-fedora-clang | 1.84-6.3 | 52.55 | OK | |||
r-devel-linux-x86_64-fedora-gcc | 1.84-6.3 | 60.44 | OK | |||
r-prerel-macos-arm64 | 1.84-6.3 | 24.00 | NOTE | |||
r-prerel-windows-x86_64 | 1.84-6.3 | 4.00 | 64.00 | 68.00 | OK | |
r-patched-linux-x86_64 | 1.84-6.3 | 3.30 | 36.26 | 39.56 | OK | |
r-release-linux-x86_64 | 1.84-6.3 | 3.64 | 33.41 | 37.05 | OK | |
r-release-macos-arm64 | 1.84-6.3 | 51.00 | NOTE | |||
r-release-macos-x86_64 | 1.84-6.3 | 100.00 | NOTE | |||
r-release-windows-x86_64 | 1.84-6.3 | 4.00 | 60.00 | 64.00 | OK | |
r-oldrel-macos-arm64 | 1.84-6.3 | 42.00 | NOTE | |||
r-oldrel-windows-x86_64 | 1.84-6.3 | 7.00 | 60.00 | 67.00 | OK |
Version: 1.84-6.3
Check: package dependencies
Result: NOTE
Package suggested but not available for checking: ‘Rmpi’
Flavors: r-prerel-macos-arm64, r-release-macos-arm64, r-release-macos-x86_64, r-oldrel-macos-arm64