CRAN Package Check Results for Package sna

Last updated on 2021-09-19 09:50:43 CEST.

Flavor Version Tinstall Tcheck Ttotal Status Flags
r-devel-linux-x86_64-debian-clang 2.6 25.44 150.62 176.06 OK
r-devel-linux-x86_64-debian-gcc 2.6 19.82 107.24 127.06 OK
r-devel-linux-x86_64-fedora-clang 2.6 216.02 OK
r-devel-linux-x86_64-fedora-gcc 2.6 215.80 OK
r-devel-windows-x86_64 2.6 33.00 179.00 212.00 OK
r-devel-windows-x86_64-gcc10-UCRT 2.6 ERROR
r-patched-linux-x86_64 2.6 27.47 138.56 166.03 OK
r-patched-solaris-x86 2.6 247.20 OK
r-release-linux-x86_64 2.6 24.19 138.85 163.04 OK
r-release-macos-arm64 2.6 OK
r-release-macos-x86_64 2.6 OK
r-release-windows-ix86+x86_64 2.6 56.00 168.00 224.00 OK
r-oldrel-macos-x86_64 2.6 OK
r-oldrel-windows-ix86+x86_64 2.6 57.00 165.00 222.00 OK

Check Details

Version: 2.6
Check: whether package can be installed
Result: ERROR
    Installation failed.
Flavor: r-devel-windows-x86_64-gcc10-UCRT