Last updated on 2024-04-23 10:54:18 CEST.
Flavor | Version | Tinstall | Tcheck | Ttotal | Status | Flags |
---|---|---|---|---|---|---|
r-devel-linux-x86_64-debian-clang | 1.6.0.3 | 113.64 | 113.63 | 227.27 | NOTE | |
r-devel-linux-x86_64-debian-gcc | 1.6.0.3 | 81.86 | 82.38 | 164.24 | NOTE | |
r-devel-linux-x86_64-fedora-clang | 1.6.0.3 | 312.79 | NOTE | |||
r-devel-linux-x86_64-fedora-gcc | 1.6.0.3 | 315.13 | NOTE | |||
r-prerel-macos-arm64 | 1.6.0.3 | 66.00 | NOTE | |||
r-prerel-windows-x86_64 | 1.6.0.3 | 90.00 | 137.00 | 227.00 | NOTE | |
r-patched-linux-x86_64 | 1.6.0.3 | 109.76 | 107.39 | 217.15 | NOTE | |
r-release-linux-x86_64 | 1.6.0.3 | 108.97 | 111.61 | 220.58 | OK | |
r-release-macos-arm64 | 1.6.0.3 | 74.00 | OK | |||
r-release-macos-x86_64 | 1.6.0.3 | 126.00 | OK | |||
r-release-windows-x86_64 | 1.6.0.3 | 113.00 | 160.00 | 273.00 | OK | |
r-oldrel-macos-arm64 | 1.6.0.3 | 68.00 | OK | |||
r-oldrel-windows-x86_64 | 1.6.0.3 | 108.00 | 128.00 | 236.00 | OK |
Version: 1.6.0.3
Check: Rd files
Result: NOTE
checkRd: (-1) getGlobalOptimum.Rd:16: Lost braces in \itemize; \value handles \item{}{} directly
checkRd: (-1) getGlobalOptimum.Rd:17: Lost braces in \itemize; \value handles \item{}{} directly
checkRd: (-1) getGlobalOptimum.Rd:18: Lost braces in \itemize; \value handles \item{}{} directly
checkRd: (-1) getLocalOptimum.Rd:16: Lost braces in \itemize; \value handles \item{}{} directly
checkRd: (-1) getLocalOptimum.Rd:17: Lost braces in \itemize; \value handles \item{}{} directly
checkRd: (-1) getLocalOptimum.Rd:18: Lost braces in \itemize; \value handles \item{}{} directly
checkRd: (-1) smoof_function.Rd:10: Lost braces
10 | or code{smoof_multi_objective_function}. Both single- and multi-objective functions share the following attributes.
| ^
Flavors: r-devel-linux-x86_64-debian-clang, r-devel-linux-x86_64-debian-gcc, r-devel-linux-x86_64-fedora-clang, r-devel-linux-x86_64-fedora-gcc, r-prerel-macos-arm64, r-prerel-windows-x86_64, r-patched-linux-x86_64