CRAN Package Check Results for Package smmR

Last updated on 2021-10-18 09:54:59 CEST.

Flavor Version Tinstall Tcheck Ttotal Status Flags
r-devel-linux-x86_64-debian-clang 1.0.3 47.61 92.18 139.79 OK
r-devel-linux-x86_64-debian-gcc 1.0.3 38.08 66.81 104.89 OK
r-devel-linux-x86_64-fedora-clang 1.0.3 199.73 OK
r-devel-linux-x86_64-fedora-gcc 1.0.3 182.32 OK
r-devel-windows-x86_64 1.0.3 64.00 104.00 168.00 OK
r-devel-windows-x86_64-gcc10-UCRT 1.0.3 OK
r-patched-linux-x86_64 1.0.3 44.48 90.64 135.12 OK
r-patched-solaris-x86 1.0.3 154.60 OK
r-release-linux-x86_64 1.0.3 44.06 90.67 134.73 OK
r-release-macos-arm64 1.0.3 NOTE
r-release-macos-x86_64 1.0.3 NOTE
r-release-windows-ix86+x86_64 1.0.3 88.00 146.00 234.00 OK
r-oldrel-macos-x86_64 1.0.3 NOTE
r-oldrel-windows-ix86+x86_64 1.0.3 117.00 141.00 258.00 OK

Check Details

Version: 1.0.3
Check: installed package size
Result: NOTE
     installed size is 6.1Mb
     sub-directories of 1Mb or more:
     libs 5.2Mb
Flavors: r-release-macos-arm64, r-release-macos-x86_64, r-oldrel-macos-x86_64