Last updated on 2024-03-28 10:49:49 CET.
Flavor | Version | Tinstall | Tcheck | Ttotal | Status | Flags |
---|---|---|---|---|---|---|
r-devel-linux-x86_64-debian-clang | 1.1.0 | 31.60 | 63.81 | 95.41 | NOTE | |
r-devel-linux-x86_64-debian-gcc | 1.1.0 | 24.24 | 48.06 | 72.30 | NOTE | |
r-devel-linux-x86_64-fedora-clang | 1.1.0 | 134.38 | NOTE | |||
r-devel-linux-x86_64-fedora-gcc | 1.1.0 | 131.46 | NOTE | |||
r-devel-windows-x86_64 | 1.1.0 | 36.00 | 87.00 | 123.00 | NOTE | |
r-patched-linux-x86_64 | 1.1.0 | 33.63 | 61.86 | 95.49 | NOTE | |
r-release-linux-x86_64 | 1.1.0 | 31.34 | 64.11 | 95.45 | NOTE | |
r-release-macos-arm64 | 1.1.0 | 40.00 | NOTE | |||
r-release-macos-x86_64 | 1.1.0 | 66.00 | NOTE | |||
r-release-windows-x86_64 | 1.1.0 | 42.00 | 107.00 | 149.00 | NOTE | |
r-oldrel-macos-arm64 | 1.1.0 | 40.00 | NOTE | |||
r-oldrel-windows-x86_64 | 1.1.0 | 42.00 | 105.00 | 147.00 | NOTE |
Version: 1.1.0
Check: Rd files
Result: NOTE
checkRd: (-1) read_packedancestrymap.Rd:15: Lost braces in \itemize; \value handles \item{}{} directly
checkRd: (-1) smart_mva.Rd:7-11: Lost braces
7 | \item{snp_data}{snp_data}{File name read from working directory.
| ^
checkRd: (-1) smart_mva.Rd:100-101: Lost braces in \itemize; \value handles \item{}{} directly
checkRd: (-1) smart_mva.Rd:102-103: Lost braces in \itemize; \value handles \item{}{} directly
checkRd: (-1) smart_mva.Rd:104-105: Lost braces in \itemize; \value handles \item{}{} directly
checkRd: (-1) smart_mva.Rd:106-109: Lost braces in \itemize; \value handles \item{}{} directly
checkRd: (-1) smart_mva.Rd:110: Lost braces in \itemize; \value handles \item{}{} directly
checkRd: (-1) smart_mva.Rd:111: Lost braces in \itemize; \value handles \item{}{} directly
checkRd: (-1) smart_mva.Rd:112: Lost braces in \itemize; \value handles \item{}{} directly
checkRd: (-1) smart_mva.Rd:113-114: Lost braces in \itemize; \value handles \item{}{} directly
checkRd: (-1) smart_mva.Rd:115: Lost braces in \itemize; \value handles \item{}{} directly
checkRd: (-1) smart_mva.Rd:116: Lost braces in \itemize; \value handles \item{}{} directly
checkRd: (-1) smart_mva.Rd:117: Lost braces in \itemize; \value handles \item{}{} directly
checkRd: (-1) smart_mva.Rd:118: Lost braces in \itemize; \value handles \item{}{} directly
checkRd: (-1) smart_mva.Rd:119: Lost braces in \itemize; \value handles \item{}{} directly
checkRd: (-1) smart_pca.Rd:62: Lost braces in \itemize; \value handles \item{}{} directly
checkRd: (-1) smart_pca.Rd:63: Lost braces in \itemize; \value handles \item{}{} directly
checkRd: (-1) smart_pca.Rd:64-67: Lost braces in \itemize; \value handles \item{}{} directly
checkRd: (-1) smart_permanova.Rd:71-73: Lost braces in \itemize; \value handles \item{}{} directly
checkRd: (-1) smart_permanova.Rd:74: Lost braces in \itemize; \value handles \item{}{} directly
checkRd: (-1) smart_permanova.Rd:75-76: Lost braces in \itemize; \value handles \item{}{} directly
checkRd: (-1) smart_permanova.Rd:77: Lost braces in \itemize; \value handles \item{}{} directly
checkRd: (-1) smart_permanova.Rd:78: Lost braces in \itemize; \value handles \item{}{} directly
checkRd: (-1) smart_permanova.Rd:79: Lost braces in \itemize; \value handles \item{}{} directly
checkRd: (-1) smart_permdisp.Rd:78-81: Lost braces in \itemize; \value handles \item{}{} directly
checkRd: (-1) smart_permdisp.Rd:82: Lost braces in \itemize; \value handles \item{}{} directly
checkRd: (-1) smart_permdisp.Rd:83: Lost braces in \itemize; \value handles \item{}{} directly
checkRd: (-1) smart_permdisp.Rd:84: Lost braces in \itemize; \value handles \item{}{} directly
checkRd: (-1) smart_permdisp.Rd:85-86: Lost braces in \itemize; \value handles \item{}{} directly
checkRd: (-1) smart_permdisp.Rd:87: Lost braces in \itemize; \value handles \item{}{} directly
checkRd: (-1) smart_permdisp.Rd:88: Lost braces in \itemize; \value handles \item{}{} directly
checkRd: (-1) smart_permdisp.Rd:89: Lost braces in \itemize; \value handles \item{}{} directly
Flavors: r-devel-linux-x86_64-debian-clang, r-devel-linux-x86_64-debian-gcc, r-devel-linux-x86_64-fedora-clang, r-devel-linux-x86_64-fedora-gcc, r-devel-windows-x86_64, r-patched-linux-x86_64
Version: 1.1.0
Check: LazyData
Result: NOTE
'LazyData' is specified without a 'data' directory
Flavors: r-devel-linux-x86_64-debian-clang, r-devel-linux-x86_64-debian-gcc, r-devel-linux-x86_64-fedora-clang, r-devel-linux-x86_64-fedora-gcc, r-devel-windows-x86_64, r-patched-linux-x86_64, r-release-linux-x86_64, r-release-macos-arm64, r-release-macos-x86_64, r-release-windows-x86_64, r-oldrel-macos-arm64, r-oldrel-windows-x86_64