Last updated on 2024-03-29 11:54:06 CET.
Flavor | Version | Tinstall | Tcheck | Ttotal | Status | Flags |
---|---|---|---|---|---|---|
r-devel-linux-x86_64-debian-clang | 2.6 | 4.70 | 106.85 | 111.55 | NOTE | |
r-devel-linux-x86_64-debian-gcc | 2.6 | 3.36 | 77.00 | 80.36 | NOTE | |
r-devel-linux-x86_64-fedora-clang | 2.6 | 138.49 | NOTE | |||
r-devel-linux-x86_64-fedora-gcc | 2.6 | 152.10 | NOTE | |||
r-devel-windows-x86_64 | 2.6 | 5.00 | 118.00 | 123.00 | NOTE | |
r-patched-linux-x86_64 | 2.6 | 11.20 | 97.10 | 108.30 | NOTE | |
r-release-linux-x86_64 | 2.6 | 4.57 | 101.28 | 105.85 | OK | |
r-release-macos-arm64 | 2.6 | 53.00 | OK | |||
r-release-macos-x86_64 | 2.6 | 174.00 | OK | |||
r-release-windows-x86_64 | 2.6 | 6.00 | 128.00 | 134.00 | OK | |
r-oldrel-macos-arm64 | 2.6 | 49.00 | OK | |||
r-oldrel-windows-x86_64 | 2.6 | 6.00 | 129.00 | 135.00 | OK |
Version: 2.6
Check: HTML version of manual
Result: NOTE
Found the following HTML validation problems:
print.spscan.html:49:1 (print.spscan.Rd:15): Warning: trimming empty <dt>
summary.spscan.html:48:1 (summary.spscan.Rd:15): Warning: trimming empty <dt>
Flavors: r-devel-linux-x86_64-debian-clang, r-devel-linux-x86_64-debian-gcc, r-devel-linux-x86_64-fedora-clang, r-devel-linux-x86_64-fedora-gcc, r-devel-windows-x86_64, r-patched-linux-x86_64