CRAN Package Check Results for Package slippymath

Last updated on 2021-10-27 10:10:00 CEST.

Flavor Version Tinstall Tcheck Ttotal Status Flags
r-devel-linux-x86_64-debian-clang 0.3.1 2.69 45.33 48.02 NOTE
r-devel-linux-x86_64-debian-gcc 0.3.1 1.89 34.88 36.77 NOTE
r-devel-linux-x86_64-fedora-clang 0.3.1 67.12 NOTE
r-devel-linux-x86_64-fedora-gcc 0.3.1 59.29 NOTE
r-devel-windows-x86_64 0.3.1 5.00 53.00 58.00 NOTE
r-devel-windows-x86_64-gcc10-UCRT 0.3.1 NOTE
r-patched-linux-x86_64 0.3.1 2.58 45.18 47.76 NOTE
r-patched-solaris-x86 0.3.1 66.50 NOTE
r-release-linux-x86_64 0.3.1 2.39 45.02 47.41 NOTE
r-release-macos-arm64 0.3.1 NOTE
r-release-macos-x86_64 0.3.1 NOTE
r-release-windows-ix86+x86_64 0.3.1 5.00 68.00 73.00 NOTE
r-oldrel-macos-x86_64 0.3.1 OK
r-oldrel-windows-ix86+x86_64 0.3.1 7.00 54.00 61.00 OK

Check Details

Version: 0.3.1
Check: LazyData
Result: NOTE
     'LazyData' is specified without a 'data' directory
Flavors: r-devel-linux-x86_64-debian-clang, r-devel-linux-x86_64-debian-gcc, r-devel-linux-x86_64-fedora-clang, r-devel-linux-x86_64-fedora-gcc, r-devel-windows-x86_64, r-devel-windows-x86_64-gcc10-UCRT, r-patched-linux-x86_64, r-patched-solaris-x86, r-release-linux-x86_64, r-release-macos-arm64, r-release-macos-x86_64, r-release-windows-ix86+x86_64