CRAN Package Check Results for Package simstandard

Last updated on 2021-07-29 10:53:18 CEST.

Flavor Version Tinstall Tcheck Ttotal Status Flags
r-devel-linux-x86_64-debian-clang 0.6.3 OK
r-devel-linux-x86_64-debian-gcc 0.6.3 2.60 37.19 39.79 OK
r-devel-linux-x86_64-fedora-clang 0.6.3 71.89 OK
r-devel-linux-x86_64-fedora-gcc 0.6.3 60.96 OK
r-devel-windows-x86_64 0.6.3 4.00 71.00 75.00 OK
r-devel-windows-x86_64-gcc10-UCRT 0.6.3 OK
r-patched-linux-x86_64 0.6.3 3.24 47.01 50.25 OK
r-patched-solaris-x86 0.6.3 88.00 OK
r-release-linux-x86_64 0.6.3 2.99 46.74 49.73 OK
r-release-macos-arm64 0.6.3 WARN
r-release-macos-x86_64 0.6.3 OK
r-release-windows-ix86+x86_64 0.6.3 7.00 70.00 77.00 OK
r-oldrel-macos-x86_64 0.6.3 OK
r-oldrel-windows-ix86+x86_64 0.6.3 5.00 77.00 82.00 OK

Check Details

Version: 0.6.3
Check: re-building of vignette outputs
Result: WARN
    Error(s) in re-building vignettes:
     ...
    --- re-building ‘simstandard_tutorial.Rmd’ using rmarkdown
    Warning in engine$weave(file, quiet = quiet, encoding = enc) :
     Pandoc (>= 1.12.3) not available. Falling back to R Markdown v1.
    Quitting from lines 115-117 (simstandard_tutorial.Rmd)
    Error: processing vignette 'simstandard_tutorial.Rmd' failed with diagnostics:
    polygon edge not found
    --- failed re-building ‘simstandard_tutorial.Rmd’
    
    SUMMARY: processing the following file failed:
     ‘simstandard_tutorial.Rmd’
    
    Error: Vignette re-building failed.
    Execution halted
Flavor: r-release-macos-arm64