CRAN Package Check Results for Package simplegraphdb

Last updated on 2021-10-20 09:55:23 CEST.

Flavor Version Tinstall Tcheck Ttotal Status Flags
r-devel-linux-x86_64-debian-clang 2021.03.10 4.68 39.13 43.81 NOTE
r-devel-linux-x86_64-debian-gcc 2021.03.10 3.41 31.00 34.41 NOTE
r-devel-linux-x86_64-fedora-clang 2021.03.10 63.26 NOTE
r-devel-linux-x86_64-fedora-gcc 2021.03.10 52.02 NOTE
r-devel-windows-x86_64 2021.03.10 7.00 54.00 61.00 NOTE
r-devel-windows-x86_64-gcc10-UCRT 2021.03.10 NOTE
r-patched-linux-x86_64 2021.03.10 3.99 38.45 42.44 NOTE
r-patched-solaris-x86 2021.03.10 81.90 NOTE
r-release-linux-x86_64 2021.03.10 4.12 39.82 43.94 NOTE
r-release-macos-arm64 2021.03.10 NOTE
r-release-macos-x86_64 2021.03.10 NOTE
r-release-windows-ix86+x86_64 2021.03.10 8.00 65.00 73.00 NOTE
r-oldrel-macos-x86_64 2021.03.10 NOTE
r-oldrel-windows-ix86+x86_64 2021.03.10 11.00 63.00 74.00 OK

Check Details

Version: 2021.03.10
Check: LazyData
Result: NOTE
     'LazyData' is specified without a 'data' directory
Flavors: r-devel-linux-x86_64-debian-clang, r-devel-linux-x86_64-debian-gcc, r-devel-linux-x86_64-fedora-clang, r-devel-linux-x86_64-fedora-gcc, r-devel-windows-x86_64, r-devel-windows-x86_64-gcc10-UCRT, r-patched-linux-x86_64, r-patched-solaris-x86, r-release-linux-x86_64, r-release-macos-arm64, r-release-macos-x86_64, r-release-windows-ix86+x86_64

Version: 2021.03.10
Check: dependencies in R code
Result: NOTE
    Namespace in Imports field not imported from: ‘DBI’
     All declared Imports should be used.
Flavors: r-devel-linux-x86_64-fedora-clang, r-devel-linux-x86_64-fedora-gcc, r-devel-windows-x86_64-gcc10-UCRT, r-patched-solaris-x86, r-release-macos-arm64, r-release-macos-x86_64, r-oldrel-macos-x86_64