CRAN Package Check Results for Package simode

Last updated on 2021-10-20 09:55:23 CEST.

Flavor Version Tinstall Tcheck Ttotal Status Flags
r-devel-linux-x86_64-debian-clang 1.2.0 5.03 236.95 241.98 OK
r-devel-linux-x86_64-debian-gcc 1.2.0 4.52 167.75 172.27 OK
r-devel-linux-x86_64-fedora-clang 1.2.0 289.68 NOTE
r-devel-linux-x86_64-fedora-gcc 1.2.0 280.88 NOTE
r-devel-windows-x86_64 1.2.0 10.00 242.00 252.00 OK
r-devel-windows-x86_64-gcc10-UCRT 1.2.0 NOTE
r-patched-linux-x86_64 1.2.0 5.70 230.99 236.69 OK
r-patched-solaris-x86 1.2.0 331.10 NOTE
r-release-linux-x86_64 1.2.0 5.12 227.57 232.69 OK
r-release-macos-arm64 1.2.0 NOTE
r-release-macos-x86_64 1.2.0 NOTE
r-release-windows-ix86+x86_64 1.2.0 7.00 289.00 296.00 OK
r-oldrel-macos-x86_64 1.2.0 NOTE
r-oldrel-windows-ix86+x86_64 1.2.0 12.00 283.00 295.00 OK

Check Details

Version: 1.2.0
Check: dependencies in R code
Result: NOTE
    Namespace in Imports field not imported from: ‘quadprog’
     All declared Imports should be used.
Flavors: r-devel-linux-x86_64-fedora-clang, r-devel-linux-x86_64-fedora-gcc, r-devel-windows-x86_64-gcc10-UCRT, r-patched-solaris-x86, r-release-macos-arm64, r-release-macos-x86_64, r-oldrel-macos-x86_64