CRAN Package Check Results for Package signal

Last updated on 2021-09-23 10:53:47 CEST.

Flavor Version Tinstall Tcheck Ttotal Status Flags
r-devel-linux-x86_64-debian-clang 0.7-7 6.27 43.37 49.64 OK
r-devel-linux-x86_64-debian-gcc 0.7-7 4.68 33.36 38.04 OK
r-devel-linux-x86_64-fedora-clang 0.7-7 70.49 NOTE
r-devel-linux-x86_64-fedora-gcc 0.7-7 59.34 NOTE
r-devel-windows-x86_64 0.7-7 10.00 50.00 60.00 OK
r-devel-windows-x86_64-gcc10-UCRT 0.7-7 ERROR
r-patched-linux-x86_64 0.7-7 7.36 41.75 49.11 OK
r-patched-solaris-x86 0.7-7 80.40 OK
r-release-linux-x86_64 0.7-7 5.64 42.69 48.33 OK
r-release-macos-arm64 0.7-7 OK
r-release-macos-x86_64 0.7-7 OK
r-release-windows-ix86+x86_64 0.7-7 16.00 60.00 76.00 OK
r-oldrel-macos-x86_64 0.7-7 OK
r-oldrel-windows-ix86+x86_64 0.7-7 26.00 59.00 85.00 OK

Check Details

Version: 0.7-7
Check: compiled code
Result: NOTE
    File ‘signal/libs/signal.so’:
     Found no calls to: ‘R_registerRoutines’, ‘R_useDynamicSymbols’
    
    It is good practice to register native routines and to disable symbol
    search.
    
    See ‘Writing portable packages’ in the ‘Writing R Extensions’ manual.
Flavors: r-devel-linux-x86_64-fedora-clang, r-devel-linux-x86_64-fedora-gcc

Version: 0.7-7
Check: whether package can be installed
Result: ERROR
    Installation failed.
Flavor: r-devel-windows-x86_64-gcc10-UCRT